{"id":819,"date":"2018-11-12T19:05:29","date_gmt":"2018-11-12T18:05:29","guid":{"rendered":"https:\/\/tww.vilaweb.cat\/botiga\/?post_type=product&#038;p=819"},"modified":"2025-05-07T11:56:30","modified_gmt":"2025-05-07T09:56:30","slug":"samarreta-donec-perficiam","status":"publish","type":"product","link":"https:\/\/www.vilaweb.cat\/botiga\/producte\/samarreta-donec-perficiam\/","title":{"rendered":"Samarreta &#8216;Donec perficiam&#8217;"},"content":{"rendered":"","protected":false},"excerpt":{"rendered":"<p>Samarreta negra de cot\u00f3 amb il\u00b7lustraci\u00f3 d&#8217;una calavera i el lema &#8216;Donec Perficiam&#8217;.<\/p>\n<p>El lema <em>Donec perficiam<\/em> (en llat\u00ed) vol dir &#8216;fins a aconseguir-ho&#8217; i era utilitzat durant la Guerra de Successi\u00f3 per les Reials Gu\u00e0rdies Catalanes, amb el sentit que mai no es rendirien sin\u00f3 que persistirien fins a guanyar.<\/p>\n","protected":false},"featured_media":822,"template":"","meta":[],"product_cat":[421,284,286],"product_tag":[],"_links":{"self":[{"href":"https:\/\/www.vilaweb.cat\/botiga\/wp-json\/wp\/v2\/product\/819"}],"collection":[{"href":"https:\/\/www.vilaweb.cat\/botiga\/wp-json\/wp\/v2\/product"}],"about":[{"href":"https:\/\/www.vilaweb.cat\/botiga\/wp-json\/wp\/v2\/types\/product"}],"wp:featuredmedia":[{"embeddable":true,"href":"https:\/\/www.vilaweb.cat\/botiga\/wp-json\/wp\/v2\/media\/822"}],"wp:attachment":[{"href":"https:\/\/www.vilaweb.cat\/botiga\/wp-json\/wp\/v2\/media?parent=819"}],"wp:term":[{"taxonomy":"product_cat","embeddable":true,"href":"https:\/\/www.vilaweb.cat\/botiga\/wp-json\/wp\/v2\/product_cat?post=819"},{"taxonomy":"product_tag","embeddable":true,"href":"https:\/\/www.vilaweb.cat\/botiga\/wp-json\/wp\/v2\/product_tag?post=819"}],"curies":[{"name":"wp","href":"https:\/\/api.w.org\/{rel}","templated":true}]}}