{"id":745,"date":"2018-11-09T12:42:50","date_gmt":"2018-11-09T11:42:50","guid":{"rendered":"https:\/\/tww.vilaweb.cat\/botiga\/?post_type=product&#038;p=745"},"modified":"2025-04-13T14:54:50","modified_gmt":"2025-04-13T12:54:50","slug":"cuina-catalana-per-a-festes-i-tradicions","status":"publish","type":"product","link":"https:\/\/www.vilaweb.cat\/botiga\/producte\/cuina-catalana-per-a-festes-i-tradicions\/","title":{"rendered":"Cuina catalana per a festes i tradicions"},"content":{"rendered":"<p>La cuina d&#8217;un pa\u00eds va lligada al seu calendari festiu. No hi ha festa sense cuina i no hi ha cuina sense festa. M\u00e9s de 140 receptes b\u00e0siques de la cuina popular catalana, experimentades i posades al dia. Fins a 50 receptes de coques, galetes, pastissos i dol\u00e7os explicades per a poder-les fer al forn de casa. U<span id=\"sinopsis0\" class=\"expand-content expand-hide\">n total de 78 festes del calendari catal\u00e0, ordenades de forma cronol\u00f2gica, amb hist\u00f2ries i an\u00e8cdotes culturals i religioses que expliquen els costums culinaris d&#8217;un pa\u00eds<\/span>.<\/p>\n","protected":false},"excerpt":{"rendered":"<p>El calendari gastron\u00f2mic catal\u00e0 amb el receptari b\u00e0sic tradicional<\/p>\n<p>Kazuko Sano i Narc\u00eds Clotet<\/p>\n","protected":false},"featured_media":746,"template":"","meta":[],"product_cat":[18,207],"product_tag":[],"_links":{"self":[{"href":"https:\/\/www.vilaweb.cat\/botiga\/wp-json\/wp\/v2\/product\/745"}],"collection":[{"href":"https:\/\/www.vilaweb.cat\/botiga\/wp-json\/wp\/v2\/product"}],"about":[{"href":"https:\/\/www.vilaweb.cat\/botiga\/wp-json\/wp\/v2\/types\/product"}],"wp:featuredmedia":[{"embeddable":true,"href":"https:\/\/www.vilaweb.cat\/botiga\/wp-json\/wp\/v2\/media\/746"}],"wp:attachment":[{"href":"https:\/\/www.vilaweb.cat\/botiga\/wp-json\/wp\/v2\/media?parent=745"}],"wp:term":[{"taxonomy":"product_cat","embeddable":true,"href":"https:\/\/www.vilaweb.cat\/botiga\/wp-json\/wp\/v2\/product_cat?post=745"},{"taxonomy":"product_tag","embeddable":true,"href":"https:\/\/www.vilaweb.cat\/botiga\/wp-json\/wp\/v2\/product_tag?post=745"}],"curies":[{"name":"wp","href":"https:\/\/api.w.org\/{rel}","templated":true}]}}