{"id":47795,"date":"2026-03-20T17:49:09","date_gmt":"2026-03-20T16:49:09","guid":{"rendered":"https:\/\/www.vilaweb.cat\/botiga\/?post_type=product&#038;p=47795"},"modified":"2026-04-17T18:53:31","modified_gmt":"2026-04-17T16:53:31","slug":"habitacions-compartides","status":"publish","type":"product","link":"https:\/\/www.vilaweb.cat\/botiga\/producte\/habitacions-compartides\/","title":{"rendered":"Habitacions compartides"},"content":{"rendered":"<div class=\"container\">\n<div class=\"row\">\n<div class=\"col-lg-12\">\n<div id=\"libro__sinopsis\" class=\"row\">\n<div class=\"col-12\">\n<div id=\"sinopsis__text\">\n<div>\n<div><strong>En dues habitacions d\u2019hospital, dues vides s\u2019entrellacen de manera invisible<\/strong><\/div>\n<\/div>\n<\/div>\n<\/div>\n<\/div>\n<\/div>\n<\/div>\n<\/div>\n<section id=\"otros-titulos\" class=\"carousel-section bg-color--light-grey\">\n<div class=\"container\">\n<div class=\"row\">\n<div class=\"col\">\n<p>La Montserrat, una dona que es ref\u00e0 d\u2019una operaci\u00f3, i en Ricard,\u00a0 immobilitzat despr\u00e9s d\u2019una greu caiguda, es troben ingressats en el mateix hospital. Comparteixen espais, silencis i fragilitats, per\u00f2 trigaran molt a saber qui s\u00f3n l\u2019un i l\u2019altra. Cada un d\u2019ells, durant la convalesc\u00e8ncia, descabdella els records, furga les ferides i reobre les esperances que els han fet ser com s\u00f3n. A trav\u00e9s dels seus mon\u00f2legs \u00edntims, el lector descobreix dues vides marcades per l\u2019amor i per la p\u00e8rdua, per secrets familiars i per silencis imposats.<\/p>\n<p><i>Habitacions compartides<\/i>\u00a0\u00e9s una novel\u00b7la sobre els records que no volem escoltar, sobre el que callem, sobre unes vides que s\u2019encreuen inesperadament i que es transformen.<\/p>\n<\/div>\n<\/div>\n<\/div>\n<\/section>\n","protected":false},"excerpt":{"rendered":"<p>AUTOR: Busquets, Blanca<br \/>\nISBN: 9788410488663<br \/>\nEDICI\u00d3: 1a<br \/>\nENQUADERNACI\u00d3: R\u00fastica<br \/>\nFORMAT: 23 cm x 15 cm<br \/>\nP\u00c0GINES: 224<br \/>\nIDIOMA: Catal\u00e0<\/p>\n","protected":false},"featured_media":47796,"template":"","meta":[],"product_cat":[42,45,18,423],"product_tag":[],"_links":{"self":[{"href":"https:\/\/www.vilaweb.cat\/botiga\/wp-json\/wp\/v2\/product\/47795"}],"collection":[{"href":"https:\/\/www.vilaweb.cat\/botiga\/wp-json\/wp\/v2\/product"}],"about":[{"href":"https:\/\/www.vilaweb.cat\/botiga\/wp-json\/wp\/v2\/types\/product"}],"wp:featuredmedia":[{"embeddable":true,"href":"https:\/\/www.vilaweb.cat\/botiga\/wp-json\/wp\/v2\/media\/47796"}],"wp:attachment":[{"href":"https:\/\/www.vilaweb.cat\/botiga\/wp-json\/wp\/v2\/media?parent=47795"}],"wp:term":[{"taxonomy":"product_cat","embeddable":true,"href":"https:\/\/www.vilaweb.cat\/botiga\/wp-json\/wp\/v2\/product_cat?post=47795"},{"taxonomy":"product_tag","embeddable":true,"href":"https:\/\/www.vilaweb.cat\/botiga\/wp-json\/wp\/v2\/product_tag?post=47795"}],"curies":[{"name":"wp","href":"https:\/\/api.w.org\/{rel}","templated":true}]}}