{"id":47772,"date":"2026-03-18T19:27:08","date_gmt":"2026-03-18T18:27:08","guid":{"rendered":"https:\/\/www.vilaweb.cat\/botiga\/?post_type=product&#038;p=47772"},"modified":"2026-04-07T23:02:02","modified_gmt":"2026-04-07T21:02:02","slug":"lleo-xiv-ombres-sota-la-cupula","status":"publish","type":"product","link":"https:\/\/www.vilaweb.cat\/botiga\/producte\/lleo-xiv-ombres-sota-la-cupula\/","title":{"rendered":"Lleo XIV, ombres sota la cupula"},"content":{"rendered":"<div class=\"container\">\n<div class=\"row\">\n<div class=\"col-lg-12\">\n<div id=\"libro__sinopsis\" class=\"row\">\n<div class=\"col-12\">\n<div id=\"sinopsis__text\">\n<p>Coincidint amb el primer aniversari de l\u2019acc\u00e9s al pontificat, el llibre de Vicen\u00e7 Lozano revela l\u2019estrat\u00e8gia dels cardenals reformistes per elegir un papa que continu\u00ef amb el llegat de Francesc. La figura discreta del nord-americ\u00e0 Robert Francis Prevost, ben vista per les dues \u00e0nimes de l\u2019Esgl\u00e9sia \u2013la tradicionalista i la que aposta per les reformes\u2013 va ser l\u2019escollida pels estrategs renovadors. Tanmateix, el nou pontificat es presenta ple de paranys sobretot en el terreny de la geopol\u00edtica, amb un panorama internacional alterat per la presid\u00e8ncia de Donald Trump, l\u2019actitud de Putin i el conflicte entre Israel i Palestina. Per\u00f2 tamb\u00e9 en l\u2019espin\u00f3s afer dels abusos sexuals. El llibre inclou di\u00e0legs i reflexions amb protagonistes de tots els sectors implicats i una radiografia dels sectors m\u00e9s ultres, que se senten perdedors i que presentaran batalla. Un reportatge period\u00edstic escrit amb el ritme d\u2019un thriller.<\/p>\n<div>\n<div><\/div>\n<\/div>\n<\/div>\n<\/div>\n<\/div>\n<\/div>\n<\/div>\n<\/div>\n<section id=\"otros-titulos\" class=\"carousel-section bg-color--light-grey\">\n<div class=\"container\">\n<div class=\"row\">\n<div class=\"col\"><\/div>\n<\/div>\n<\/div>\n<\/section>\n","protected":false},"excerpt":{"rendered":"<p><span style=\"color: #ff6600;\"><strong>LLIBRE SIGNAT PER SANT JORDI<\/strong><\/span><\/p>\n<p>Fins al<strong> 14\u00a0d\u2019abril<\/strong> podeu triar entre tot un ventall d\u2019autors i rebre&#8217;n el llibre dedicat i signat. Les compres de llibres signats s&#8217;hauran de fer a la <a href=\"https:\/\/www.vilaweb.cat\/botiga\/categoria-producte\/sant-jordi\/\"><b>Botiga en l\u00ednia.<\/b><\/a><\/p>\n<p><b>No agafem els enc\u00e0rrecs presencialment a la Botiga.<\/b><\/p>\n<p>Si \u00e9s un llibre que voleu regalar, ens podeu<b> indicar el nom <\/b>a qui s\u2019ha d\u2019adre\u00e7ar l\u2019autor, a l\u2019apartat <b>&#8220;notes de la comanda&#8221; <\/b>en el moment de formalitzar-la. Altrament, <b>es far\u00e0 una dedicat\u00f2ria gen\u00e8rica, no nominal.<\/b><\/p>\n<p>Us deixem <strong><a href=\"https:\/\/www.vilaweb.cat\/botiga\/categoria-producte\/sant-jordi\/\">la llista<\/a><\/strong> de llibres que podeu encarregar.<\/p>\n<p>* Les comandes de llibres estaran a punt i s&#8217;enviaran a partir del 15 d&#8217;abril perqu\u00e8 els rebeu abans de Sant Jordi, independentment del dia de la compra.<\/p>\n<p>AUTOR: Vicen\u00e7 Lozano<br \/>\nISBN: 9788498096286<br \/>\nEDICI\u00d3: 1a<br \/>\nENQUADERNACI\u00d3: R\u00fastica<br \/>\nFORMAT: 23 cm x 15 cm<br \/>\nP\u00c0GINES:224<br \/>\nIDIOMA: Catal\u00e0<\/p>\n","protected":false},"featured_media":47773,"template":"","meta":[],"product_cat":[423,18,42,45],"product_tag":[],"_links":{"self":[{"href":"https:\/\/www.vilaweb.cat\/botiga\/wp-json\/wp\/v2\/product\/47772"}],"collection":[{"href":"https:\/\/www.vilaweb.cat\/botiga\/wp-json\/wp\/v2\/product"}],"about":[{"href":"https:\/\/www.vilaweb.cat\/botiga\/wp-json\/wp\/v2\/types\/product"}],"wp:featuredmedia":[{"embeddable":true,"href":"https:\/\/www.vilaweb.cat\/botiga\/wp-json\/wp\/v2\/media\/47773"}],"wp:attachment":[{"href":"https:\/\/www.vilaweb.cat\/botiga\/wp-json\/wp\/v2\/media?parent=47772"}],"wp:term":[{"taxonomy":"product_cat","embeddable":true,"href":"https:\/\/www.vilaweb.cat\/botiga\/wp-json\/wp\/v2\/product_cat?post=47772"},{"taxonomy":"product_tag","embeddable":true,"href":"https:\/\/www.vilaweb.cat\/botiga\/wp-json\/wp\/v2\/product_tag?post=47772"}],"curies":[{"name":"wp","href":"https:\/\/api.w.org\/{rel}","templated":true}]}}