{"id":47772,"date":"2026-03-18T19:27:08","date_gmt":"2026-03-18T18:27:08","guid":{"rendered":"https:\/\/www.vilaweb.cat\/botiga\/?post_type=product&#038;p=47772"},"modified":"2026-04-28T11:18:07","modified_gmt":"2026-04-28T09:18:07","slug":"lleo-xiv-ombres-sota-la-cupula","status":"publish","type":"product","link":"https:\/\/www.vilaweb.cat\/botiga\/producte\/lleo-xiv-ombres-sota-la-cupula\/","title":{"rendered":"Lleo XIV, ombres sota la cupula"},"content":{"rendered":"<div class=\"container\">\n<div class=\"row\">\n<div class=\"col-lg-12\">\n<div id=\"libro__sinopsis\" class=\"row\">\n<div class=\"col-12\">\n<div id=\"sinopsis__text\">\n<p>Coincidint amb el primer aniversari de l\u2019acc\u00e9s al pontificat, el llibre de Vicen\u00e7 Lozano revela l\u2019estrat\u00e8gia dels cardenals reformistes per elegir un papa que continu\u00ef amb el llegat de Francesc. La figura discreta del nord-americ\u00e0 Robert Francis Prevost, ben vista per les dues \u00e0nimes de l\u2019Esgl\u00e9sia \u2013la tradicionalista i la que aposta per les reformes\u2013 va ser l\u2019escollida pels estrategs renovadors. Tanmateix, el nou pontificat es presenta ple de paranys sobretot en el terreny de la geopol\u00edtica, amb un panorama internacional alterat per la presid\u00e8ncia de Donald Trump, l\u2019actitud de Putin i el conflicte entre Israel i Palestina. Per\u00f2 tamb\u00e9 en l\u2019espin\u00f3s afer dels abusos sexuals. El llibre inclou di\u00e0legs i reflexions amb protagonistes de tots els sectors implicats i una radiografia dels sectors m\u00e9s ultres, que se senten perdedors i que presentaran batalla. Un reportatge period\u00edstic escrit amb el ritme d\u2019un thriller.<\/p>\n<div>\n<div><\/div>\n<\/div>\n<\/div>\n<\/div>\n<\/div>\n<\/div>\n<\/div>\n<\/div>\n<section id=\"otros-titulos\" class=\"carousel-section bg-color--light-grey\">\n<div class=\"container\">\n<div class=\"row\">\n<div class=\"col\"><\/div>\n<\/div>\n<\/div>\n<\/section>\n","protected":false},"excerpt":{"rendered":"<p>AUTOR: Vicen\u00e7 Lozano<br \/>\nISBN: 9788498096286<br \/>\nEDICI\u00d3: 1a<br \/>\nENQUADERNACI\u00d3: R\u00fastica<br \/>\nFORMAT: 23 cm x 15 cm<br \/>\nP\u00c0GINES:224<br \/>\nIDIOMA: Catal\u00e0<\/p>\n","protected":false},"featured_media":47773,"template":"","meta":[],"product_cat":[42,45,18,423],"product_tag":[],"_links":{"self":[{"href":"https:\/\/www.vilaweb.cat\/botiga\/wp-json\/wp\/v2\/product\/47772"}],"collection":[{"href":"https:\/\/www.vilaweb.cat\/botiga\/wp-json\/wp\/v2\/product"}],"about":[{"href":"https:\/\/www.vilaweb.cat\/botiga\/wp-json\/wp\/v2\/types\/product"}],"wp:featuredmedia":[{"embeddable":true,"href":"https:\/\/www.vilaweb.cat\/botiga\/wp-json\/wp\/v2\/media\/47773"}],"wp:attachment":[{"href":"https:\/\/www.vilaweb.cat\/botiga\/wp-json\/wp\/v2\/media?parent=47772"}],"wp:term":[{"taxonomy":"product_cat","embeddable":true,"href":"https:\/\/www.vilaweb.cat\/botiga\/wp-json\/wp\/v2\/product_cat?post=47772"},{"taxonomy":"product_tag","embeddable":true,"href":"https:\/\/www.vilaweb.cat\/botiga\/wp-json\/wp\/v2\/product_tag?post=47772"}],"curies":[{"name":"wp","href":"https:\/\/api.w.org\/{rel}","templated":true}]}}

<div class="container">
<div class="row">
<div class="col-lg-12">
<div id="libro__sinopsis" class="row">
<div class="col-12">
<div id="sinopsis__text">
<p>Coincidint amb el primer aniversari de l’accés al pontificat, el llibre de Vicenç Lozano revela l’estratègia dels cardenals reformistes per elegir un papa que continuï amb el llegat de Francesc. La figura discreta del nord-americà Robert Francis Prevost, ben vista per les dues ànimes de l’Església –la tradicionalista i la que aposta per les reformes– va ser l’escollida pels estrategs renovadors. Tanmateix, el nou pontificat es presenta ple de paranys sobretot en el terreny de la geopolítica, amb un panorama internacional alterat per la presidència de Donald Trump, l’actitud de Putin i el conflicte entre Israel i Palestina. Però també en l’espinós afer dels abusos sexuals. El llibre inclou diàlegs i reflexions amb protagonistes de tots els sectors implicats i una radiografia dels sectors més ultres, que se senten perdedors i que presentaran batalla. Un reportatge periodístic escrit amb el ritme d’un thriller.</p>
<div>
<div></div>
</div>
</div>
</div>
</div>
</div>
</div>
</div>
<section id="otros-titulos" class="carousel-section bg-color--light-grey">
<div class="container">
<div class="row">
<div class="col"></div>
</div>
</div>
</section>

<p>AUTOR: Vicenç Lozano<br />
ISBN: 9788498096286<br />
EDICIÓ: 1a<br />
ENQUADERNACIÓ: Rústica<br />
FORMAT: 23 cm x 15 cm<br />
PÀGINES:224<br />
IDIOMA: Català</p>
