{"id":47633,"date":"2026-02-27T12:24:49","date_gmt":"2026-02-27T11:24:49","guid":{"rendered":"https:\/\/www.vilaweb.cat\/botiga\/?post_type=product&#038;p=47633"},"modified":"2026-04-17T19:02:26","modified_gmt":"2026-04-17T17:02:26","slug":"totes-les-batalles-memories","status":"publish","type":"product","link":"https:\/\/www.vilaweb.cat\/botiga\/producte\/totes-les-batalles-memories\/","title":{"rendered":"Totes les batalles. Mem\u00f2ries"},"content":{"rendered":"<p><strong>Mem\u00f2ries d\u2019una vida al servei dels drets i la llibertat<\/strong><\/p>\n<p>Amb la veu l\u00facida i directa de Magda Oranich,\u00a0<i>Totes les batalles<\/i>\u00a0\u00e9s el testimoni vital d\u2019una dona que va desafiar el franquisme des dels tribunals, que va obrir cam\u00ed per a tantes altres, i que ha viscut en primera persona la construcci\u00f3 del pa\u00eds i de la democr\u00e0cia. Des de la seva inf\u00e0ncia en plena postguerra fins a les lluites pels drets humans, les llibertats civils i la igualtat de les dones, Oranich revisa la hist\u00f2ria recent de Catalunya amb el rigor de l\u2019advocada, la passi\u00f3 de l\u2019activista i la tendresa d\u2019una \u00e0via que parla als joves perqu\u00e8 no oblidin d\u2019on venim.<\/p>\n<p>Aquestes mem\u00f2ries, vives, emocionants i escrites amb una gran franquesa, s\u00f3n molt m\u00e9s que el relat d\u2019una traject\u00f2ria excepcional, s\u00f3n la cr\u00f2nica d\u2019un pa\u00eds i d\u2019una generaci\u00f3 que va decidir no resignar-se. Un llibre que interpel\u00b7la, commou i inspira. Perqu\u00e8 hi ha batalles que no s\u2019han de deixar mai de lluitar.<\/p>\n","protected":false},"excerpt":{"rendered":"<p>AUTOR: Oranich, Magda<br \/>\nISBN: 9788466434713<br \/>\nEDICI\u00d3: 1a<br \/>\nENQUADERNACI\u00d3: Tapa dura<br \/>\nFORMAT: 21 cm x 15 cm<br \/>\nP\u00c0GINES: 224<br \/>\nIDIOMA: Catal\u00e0<\/p>\n","protected":false},"featured_media":47634,"template":"","meta":[],"product_cat":[42,45,18,423],"product_tag":[],"_links":{"self":[{"href":"https:\/\/www.vilaweb.cat\/botiga\/wp-json\/wp\/v2\/product\/47633"}],"collection":[{"href":"https:\/\/www.vilaweb.cat\/botiga\/wp-json\/wp\/v2\/product"}],"about":[{"href":"https:\/\/www.vilaweb.cat\/botiga\/wp-json\/wp\/v2\/types\/product"}],"wp:featuredmedia":[{"embeddable":true,"href":"https:\/\/www.vilaweb.cat\/botiga\/wp-json\/wp\/v2\/media\/47634"}],"wp:attachment":[{"href":"https:\/\/www.vilaweb.cat\/botiga\/wp-json\/wp\/v2\/media?parent=47633"}],"wp:term":[{"taxonomy":"product_cat","embeddable":true,"href":"https:\/\/www.vilaweb.cat\/botiga\/wp-json\/wp\/v2\/product_cat?post=47633"},{"taxonomy":"product_tag","embeddable":true,"href":"https:\/\/www.vilaweb.cat\/botiga\/wp-json\/wp\/v2\/product_tag?post=47633"}],"curies":[{"name":"wp","href":"https:\/\/api.w.org\/{rel}","templated":true}]}}