{"id":47506,"date":"2026-02-11T20:12:24","date_gmt":"2026-02-11T19:12:24","guid":{"rendered":"https:\/\/www.vilaweb.cat\/botiga\/?post_type=product&#038;p=47506"},"modified":"2026-02-17T12:02:57","modified_gmt":"2026-02-17T11:02:57","slug":"el-que-fem-be-es-demanar-perdo","status":"publish","type":"product","link":"https:\/\/www.vilaweb.cat\/botiga\/producte\/el-que-fem-be-es-demanar-perdo\/","title":{"rendered":"El que fem b\u00e9 \u00e9s demanar perd\u00f3"},"content":{"rendered":"","protected":false},"excerpt":{"rendered":"<p>AUTOR: Ki-Ho, Lee<br \/>\nISBN: 9791399156904<br \/>\nEDICI\u00d3: 1a<br \/>\nENQUADERNACI\u00d3: Tapa r\u00fastica amb solapes<br \/>\nFORMAT: 21 cm x 14 cm<br \/>\nP\u00c0GINES: 222<br \/>\nIDIOMA: Catal\u00e0<\/p>\n","protected":false},"featured_media":47507,"template":"","meta":[],"product_cat":[18,49],"product_tag":[],"_links":{"self":[{"href":"https:\/\/www.vilaweb.cat\/botiga\/wp-json\/wp\/v2\/product\/47506"}],"collection":[{"href":"https:\/\/www.vilaweb.cat\/botiga\/wp-json\/wp\/v2\/product"}],"about":[{"href":"https:\/\/www.vilaweb.cat\/botiga\/wp-json\/wp\/v2\/types\/product"}],"wp:featuredmedia":[{"embeddable":true,"href":"https:\/\/www.vilaweb.cat\/botiga\/wp-json\/wp\/v2\/media\/47507"}],"wp:attachment":[{"href":"https:\/\/www.vilaweb.cat\/botiga\/wp-json\/wp\/v2\/media?parent=47506"}],"wp:term":[{"taxonomy":"product_cat","embeddable":true,"href":"https:\/\/www.vilaweb.cat\/botiga\/wp-json\/wp\/v2\/product_cat?post=47506"},{"taxonomy":"product_tag","embeddable":true,"href":"https:\/\/www.vilaweb.cat\/botiga\/wp-json\/wp\/v2\/product_tag?post=47506"}],"curies":[{"name":"wp","href":"https:\/\/api.w.org\/{rel}","templated":true}]}}