{"id":47393,"date":"2026-01-27T12:46:54","date_gmt":"2026-01-27T11:46:54","guid":{"rendered":"https:\/\/www.vilaweb.cat\/botiga\/?post_type=product&#038;p=47393"},"modified":"2026-01-27T13:08:07","modified_gmt":"2026-01-27T12:08:07","slug":"la-flama-apagada-del-desig","status":"publish","type":"product","link":"https:\/\/www.vilaweb.cat\/botiga\/producte\/la-flama-apagada-del-desig\/","title":{"rendered":"La flama apagada del desig"},"content":{"rendered":"<p>\u00abQuan totes les flames que il\u00b7luminen la nostra vida s\u2019apaguin, sempre ens quedar\u00e0 la Literatura\u00bb. Aix\u00f2 pensa un escriptor que, en arribar als cinquanta anys, veu com els puntals que l\u2019han sostingut fins ara \u2014la feina, la parella, els amics, la fam\u00edlia, el sexe, la fe o la identitat\u2014 comencen a esfondrar-se. Tot comen\u00e7a a primera hora del mat\u00ed d\u2019un dilluns qualsevol per\u00f2, aquest dilluns en concret, en una casa situada en una urbanitzaci\u00f3 residencial. L\u2019Escriptor, que no ha dormit en tota la nit, dona la benvinguda a un jove desconegut, contractat per la seva esposa perqu\u00e8 tingui cura del jard\u00ed (i la piscina). Aquest \u00e9s el desencadenant, en principi innocent, que posa en marxa el rellotge intern d\u2019una hist\u00f2ria inquietant que ens portar\u00e0, imparable, cap al diumenge, amb un final tan inevitable com inesperat.<br \/>\nUn thriller er\u00f2tic i pertorbador que veu del cinema dels anys seixanta, de la m\u00fasica dels vuitanta i de la literatura del segle xx.<\/p>\n","protected":false},"excerpt":{"rendered":"<p>AUTOR: Guix Badosa, Gerard<br \/>\nISBN: 9788419721464<br \/>\nEDICI\u00d3: 1a<br \/>\nENQUADERNACI\u00d3: Tapa r\u00fastica<br \/>\nFORMAT: 23 cm x 15 cm<br \/>\nP\u00c0GINES: 368<br \/>\nIDIOMA: Catal\u00e0<\/p>\n","protected":false},"featured_media":47394,"template":"","meta":[],"product_cat":[49,18],"product_tag":[],"_links":{"self":[{"href":"https:\/\/www.vilaweb.cat\/botiga\/wp-json\/wp\/v2\/product\/47393"}],"collection":[{"href":"https:\/\/www.vilaweb.cat\/botiga\/wp-json\/wp\/v2\/product"}],"about":[{"href":"https:\/\/www.vilaweb.cat\/botiga\/wp-json\/wp\/v2\/types\/product"}],"wp:featuredmedia":[{"embeddable":true,"href":"https:\/\/www.vilaweb.cat\/botiga\/wp-json\/wp\/v2\/media\/47394"}],"wp:attachment":[{"href":"https:\/\/www.vilaweb.cat\/botiga\/wp-json\/wp\/v2\/media?parent=47393"}],"wp:term":[{"taxonomy":"product_cat","embeddable":true,"href":"https:\/\/www.vilaweb.cat\/botiga\/wp-json\/wp\/v2\/product_cat?post=47393"},{"taxonomy":"product_tag","embeddable":true,"href":"https:\/\/www.vilaweb.cat\/botiga\/wp-json\/wp\/v2\/product_tag?post=47393"}],"curies":[{"name":"wp","href":"https:\/\/api.w.org\/{rel}","templated":true}]}}