{"id":47391,"date":"2026-01-27T12:43:11","date_gmt":"2026-01-27T11:43:11","guid":{"rendered":"https:\/\/www.vilaweb.cat\/botiga\/?post_type=product&#038;p=47391"},"modified":"2026-02-25T18:44:28","modified_gmt":"2026-02-25T17:44:28","slug":"limant-i-les-coses","status":"publish","type":"product","link":"https:\/\/www.vilaweb.cat\/botiga\/producte\/limant-i-les-coses\/","title":{"rendered":"L&#8217;imant i les coses"},"content":{"rendered":"<p>Entre la mem\u00f2ria \u00edntima i la po\u00e8tica dels objectes, L\u2019imant i les coses \u00e9s el primer llibre de l\u2019artista Mateu Coll. Amb una escriptura fragment\u00e0ria i evocadora, per\u00f2 lluny de qualsevol nost\u00e0lgia, Coll construeix una obra on les coses \u2014les trobades, les perdudes, les salvades\u2014 esdevenen diposit\u00e0ries de vida i alhora testimonis del pas del temps. Cada objecte cont\u00e9 una hist\u00f2ria, una abs\u00e8ncia, un record, i el text s\u2019erigeix al seu costat com un inventari afectiu que reivindica la bellesa i la fragilitat d\u2019all\u00f2 que resta. Amb fotografies de Jean Marie del Moral i un ep\u00edleg de Sebasti\u00e0 Perell\u00f3, a L\u2019imant i les coses les imatges dialoguen amb la paraula escrita i n\u2019intensifiquen la dimensi\u00f3 reflexiva i sensorial. Un llibre que s\u2019inscriu en la tradici\u00f3 de la literatura de l\u2019objecte i de la mirada &#8211; de Walter Benjamin a Mario Praz, de Virginia Woolf a Susan Sontag\u2014 i que aporta una visi\u00f3 pr\u00f2pia i contempor\u00e0nia sobre el poder magn\u00e8tic de la mat\u00e8ria i el desig inefable de retenir all\u00f2 que s\u2019esvaeix.<\/p>\n","protected":false},"excerpt":{"rendered":"<p>AUTOR: Mateu Coll<br \/>\nISBN: 9788410377639<br \/>\nEDICI\u00d3: 1a<br \/>\nENQUADERNACI\u00d3: Tapa r\u00fastica<br \/>\nFORMAT: 19 cm x 14 cm<br \/>\nP\u00c0GINES: 280<br \/>\nIDIOMA: Catal\u00e0<\/p>\n","protected":false},"featured_media":47392,"template":"","meta":[],"product_cat":[42,18],"product_tag":[],"_links":{"self":[{"href":"https:\/\/www.vilaweb.cat\/botiga\/wp-json\/wp\/v2\/product\/47391"}],"collection":[{"href":"https:\/\/www.vilaweb.cat\/botiga\/wp-json\/wp\/v2\/product"}],"about":[{"href":"https:\/\/www.vilaweb.cat\/botiga\/wp-json\/wp\/v2\/types\/product"}],"wp:featuredmedia":[{"embeddable":true,"href":"https:\/\/www.vilaweb.cat\/botiga\/wp-json\/wp\/v2\/media\/47392"}],"wp:attachment":[{"href":"https:\/\/www.vilaweb.cat\/botiga\/wp-json\/wp\/v2\/media?parent=47391"}],"wp:term":[{"taxonomy":"product_cat","embeddable":true,"href":"https:\/\/www.vilaweb.cat\/botiga\/wp-json\/wp\/v2\/product_cat?post=47391"},{"taxonomy":"product_tag","embeddable":true,"href":"https:\/\/www.vilaweb.cat\/botiga\/wp-json\/wp\/v2\/product_tag?post=47391"}],"curies":[{"name":"wp","href":"https:\/\/api.w.org\/{rel}","templated":true}]}}