{"id":46587,"date":"2025-12-23T13:20:25","date_gmt":"2025-12-23T12:20:25","guid":{"rendered":"https:\/\/www.vilaweb.cat\/botiga\/?post_type=product&#038;p=46587"},"modified":"2026-01-30T18:43:00","modified_gmt":"2026-01-30T17:43:00","slug":"estic-fent-historia-relats-intims-de-memoria-al-crepuscle-del-segle-xx","status":"publish","type":"product","link":"https:\/\/www.vilaweb.cat\/botiga\/producte\/estic-fent-historia-relats-intims-de-memoria-al-crepuscle-del-segle-xx\/","title":{"rendered":"Estic fent hist\u00f2ria &#8211; Relats \u00edntims de memoria al crepuscle del segle XX"},"content":{"rendered":"<p>UN LLIBRE \u00cdNTIM I ALHORA COL\u00b7LECTIU. Amb la mirada serena, tendra i observadora d&#8217;un m\u00fasic que ha sabut escoltar la vida, Arturo Gaya retrata tota una generaci\u00f3 a trav\u00e9s de trenta-set relats de mem\u00f2ria. Hi trobem la innoc\u00e8ncia de l&#8217;infant, l&#8217;humor subtil del pare sastre, els somnis en blanc i negre d&#8217;una fam\u00edlia de postguerra, l&#8217;arribada clandestina de Hair al Paral\u00b7lel, un 23F entre estudiants atemorits al barri de Sants, l&#8217;accident nuclear de Vandell\u00f2s, la primera v\u00edctima d&#8217;ETA a l&#8217;Ebre, el naixement de Lo riu \u00e9s vida o la recerca del mite de Dylan a Formentera, tot recorrent una geografia emocional que va de Tortosa a Barcelona, d&#8217;Andorra a Beseit o de Canet de Mar a Lisboa. AMB ESTIL FRESC, DIRECTE I GENU\u00cd, L&#8217;AUTOR TRANSFORMA RECORDS PERSONALS EN HIST\u00d2RIES UNIVERSALS I CONVERTEIX LA VIDA QUOTIDIANA EN LITERATURA HONESTA. Un llibre \u00edntim i alhora co?lectiu, en qu\u00e8 cada record \u00e9s tamb\u00e9 una pregunta: qu\u00e8 vol dir, realment, fer hist\u00f2ria?<\/p>\n","protected":false},"excerpt":{"rendered":"<p>AUTOR: Gaya Iglesias, Arturo<br \/>\nISBN: 9788413565323<br \/>\nEDICI\u00d3: 1a<br \/>\nENQUADERNACI\u00d3: Tapa r\u00fastica<br \/>\nFORMAT: 23 cm x 15 cm<br \/>\nP\u00c0GINES: 112<br \/>\nIDIOMA: Catal\u00e0<\/p>\n","protected":false},"featured_media":46589,"template":"","meta":[],"product_cat":[45,18],"product_tag":[],"_links":{"self":[{"href":"https:\/\/www.vilaweb.cat\/botiga\/wp-json\/wp\/v2\/product\/46587"}],"collection":[{"href":"https:\/\/www.vilaweb.cat\/botiga\/wp-json\/wp\/v2\/product"}],"about":[{"href":"https:\/\/www.vilaweb.cat\/botiga\/wp-json\/wp\/v2\/types\/product"}],"wp:featuredmedia":[{"embeddable":true,"href":"https:\/\/www.vilaweb.cat\/botiga\/wp-json\/wp\/v2\/media\/46589"}],"wp:attachment":[{"href":"https:\/\/www.vilaweb.cat\/botiga\/wp-json\/wp\/v2\/media?parent=46587"}],"wp:term":[{"taxonomy":"product_cat","embeddable":true,"href":"https:\/\/www.vilaweb.cat\/botiga\/wp-json\/wp\/v2\/product_cat?post=46587"},{"taxonomy":"product_tag","embeddable":true,"href":"https:\/\/www.vilaweb.cat\/botiga\/wp-json\/wp\/v2\/product_tag?post=46587"}],"curies":[{"name":"wp","href":"https:\/\/api.w.org\/{rel}","templated":true}]}}