{"id":46070,"date":"2025-12-11T19:02:18","date_gmt":"2025-12-11T18:02:18","guid":{"rendered":"https:\/\/www.vilaweb.cat\/botiga\/?post_type=product&#038;p=46070"},"modified":"2026-02-20T17:45:18","modified_gmt":"2026-02-20T16:45:18","slug":"larna-tramposa","status":"publish","type":"product","link":"https:\/\/www.vilaweb.cat\/botiga\/producte\/larna-tramposa\/","title":{"rendered":"L&#8217;Arna Tramposa"},"content":{"rendered":"<p><span title=\"La Polilla Tramposa es un juego de cartas al estilo de los jugamos en la piscina con nuestra baraja francesa o espa\u00f1ola, de hecho este juego, tiene cierto aire al Pumba e incluso al Burro.\">L&#8217;Arna Tramposa \u00e9s un joc de cartes. <\/span><span title=\"El juego consiste en quedarse sin cartas, para ello iremos echando una carta con un n\u00famero inmediatamente superior o inferior a la que hay en la mesa.\">El joc consisteix a quedar-se sense cartes , per a aix\u00f2 anirem fent una carta amb un nombre immediatament superior o inferior a la que hi ha a la taula .\u00a0<\/span><span title=\"Si no tenemos para echar, pues robamos una del mont\u00f3n.\">Si no tenim per fer , doncs robem 1 del munt .<\/span><\/p>\n<p><span title=\"Eso s\u00ed, seg\u00fan el bicho que echemos (una hormiga, una ara\u00f1a, una cucaracha o un mosquito), ocurrir\u00e1 una cosa distinta, haciendo que alguien robe cartas o permitiendo que alguien se quite m\u00e1s cartas.\">Aix\u00f2 s\u00ed , segons la bestiola que donem ( una formiga , una aranya , un escarabat o un mosquit ) , passar\u00e0 una cosa diferent , fent que us robin cartes o permetent que alg\u00fa es tregui m\u00e9s cartes .<\/span><\/p>\n<p><span title=\"Pero resulta que tambi\u00e9n hay cartas que no tienen ni una ara\u00f1a, ni una hormiga, ni una cucaracha ni un mosquito, sino una polilla, \u00bfy qu\u00e9 pasa con las cartas de polilla?\">Per\u00f2 resulta que tamb\u00e9 hi ha cartes que no tenen ni una aranya , ni una formiga , ni un escarabat ni un mosquit , sin\u00f3 una arna , i qu\u00e8 passa amb les cartes d&#8217;arna?\u00a0<\/span><span title=\"Esas cartas, adem\u00e1s de no poder pas\u00e1rselas a otro jugador, tampoco puedes jugarlas aunque su n\u00famero te lo permita.\">Aquestes cartes , a m\u00e9s de no poder passar- a un altre jugador , tampoc pots jugar- encara que el seu nombre t&#8217;ho permeti .<\/span><\/p>\n<p><span title=\"\u00bfComo te libras entonces de ellas?\">Com et lliures llavors d&#8217;elles?\u00a0<\/span><span title=\"Pues solo hay una forma: haciendo trampa.\">Doncs nom\u00e9s hi ha una manera: fent trampa.<\/span><\/p>\n","protected":false},"excerpt":{"rendered":"<p>3 a 5 jugadors<\/p>\n<p>+ 7 anys<\/p>\n<p>20 minuts<\/p>\n","protected":false},"featured_media":46071,"template":"","meta":[],"product_cat":[59,307],"product_tag":[],"_links":{"self":[{"href":"https:\/\/www.vilaweb.cat\/botiga\/wp-json\/wp\/v2\/product\/46070"}],"collection":[{"href":"https:\/\/www.vilaweb.cat\/botiga\/wp-json\/wp\/v2\/product"}],"about":[{"href":"https:\/\/www.vilaweb.cat\/botiga\/wp-json\/wp\/v2\/types\/product"}],"wp:featuredmedia":[{"embeddable":true,"href":"https:\/\/www.vilaweb.cat\/botiga\/wp-json\/wp\/v2\/media\/46071"}],"wp:attachment":[{"href":"https:\/\/www.vilaweb.cat\/botiga\/wp-json\/wp\/v2\/media?parent=46070"}],"wp:term":[{"taxonomy":"product_cat","embeddable":true,"href":"https:\/\/www.vilaweb.cat\/botiga\/wp-json\/wp\/v2\/product_cat?post=46070"},{"taxonomy":"product_tag","embeddable":true,"href":"https:\/\/www.vilaweb.cat\/botiga\/wp-json\/wp\/v2\/product_tag?post=46070"}],"curies":[{"name":"wp","href":"https:\/\/api.w.org\/{rel}","templated":true}]}}