{"id":45482,"date":"2025-11-26T11:27:46","date_gmt":"2025-11-26T10:27:46","guid":{"rendered":"https:\/\/www.vilaweb.cat\/botiga\/?post_type=product&#038;p=45482"},"modified":"2026-03-25T16:33:59","modified_gmt":"2026-03-25T15:33:59","slug":"on-es-lenxaneta-el-meu-primer-busca-i-troba","status":"publish","type":"product","link":"https:\/\/www.vilaweb.cat\/botiga\/producte\/on-es-lenxaneta-el-meu-primer-busca-i-troba\/","title":{"rendered":"On \u00e9s l\u00b4enxaneta? El meu primer busca i troba"},"content":{"rendered":"<div class=\"elementor-element elementor-element-c5e877c elementor-widget elementor-widget-text-editor\" data-id=\"c5e877c\" data-element_type=\"widget\" data-widget_type=\"text-editor.default\">\n<div class=\"elementor-widget-container\">\n<div class=\"introduccion\">\n<p><b>On \u00e9s l&#8217;enxaneta? Busca-la per tota Catalunya i apr\u00e8n m\u00e9s de cinquanta paraules!<\/b><\/p>\n<p>Busca l\u2019enxaneta amagada en diferents escenaris del territori: una platja de la Costa Brava, la Patum de Berga, als castells de Valls, a les Rambles de Barcelona, a la fira medieval de Montblanc, a una cal\u00e7otada&#8230; Busca tamb\u00e9 altres objectes i apr\u00e8n com es diuen.<\/p>\n<p>Un llibre de\u00a0<b>busca i troba divertit i amb un format compacte<\/b>, ideal per portar a tot arreu i descobrir el plaer dels petits detalls.<\/p>\n<p>***<\/p>\n<p>&#8211; Amb\u00a0<b>primeres paraules<\/b>\u00a0que ajudaran els infants a a<b>mpliar vocabulari<\/b>.<\/p>\n<p>&#8211; Il\u00b7lustracions de\u00a0<b>Roser Calafell<\/b>, il\u00b7lustradora de gran renom a Catalunya.<\/p>\n<p>&#8211; Llibre de\u00a0<b>gran format<\/b>, de\u00a0<b>cartr\u00f3<\/b>\u00a0i\u00a0<b>cantonades rodones<\/b>, ideal per al p\u00fablic preescolar.<\/p>\n<\/div>\n<\/div>\n<\/div>\n","protected":false},"excerpt":{"rendered":"<p>AUTOR: Roser Calafell i Gina Samba<br \/>\nISBN: 9788466434195<br \/>\nEDICI\u00d3: 1a<br \/>\nENQUADERNACI\u00d3: Tapa dura<br \/>\nFORMAT: 28 cm x 23 cm<br \/>\nP\u00c0GINES: 20<br \/>\nIDIOMA: Catal\u00e0<\/p>\n","protected":false},"featured_media":45483,"template":"","meta":[],"product_cat":[47,18],"product_tag":[],"_links":{"self":[{"href":"https:\/\/www.vilaweb.cat\/botiga\/wp-json\/wp\/v2\/product\/45482"}],"collection":[{"href":"https:\/\/www.vilaweb.cat\/botiga\/wp-json\/wp\/v2\/product"}],"about":[{"href":"https:\/\/www.vilaweb.cat\/botiga\/wp-json\/wp\/v2\/types\/product"}],"wp:featuredmedia":[{"embeddable":true,"href":"https:\/\/www.vilaweb.cat\/botiga\/wp-json\/wp\/v2\/media\/45483"}],"wp:attachment":[{"href":"https:\/\/www.vilaweb.cat\/botiga\/wp-json\/wp\/v2\/media?parent=45482"}],"wp:term":[{"taxonomy":"product_cat","embeddable":true,"href":"https:\/\/www.vilaweb.cat\/botiga\/wp-json\/wp\/v2\/product_cat?post=45482"},{"taxonomy":"product_tag","embeddable":true,"href":"https:\/\/www.vilaweb.cat\/botiga\/wp-json\/wp\/v2\/product_tag?post=45482"}],"curies":[{"name":"wp","href":"https:\/\/api.w.org\/{rel}","templated":true}]}}