{"id":45478,"date":"2025-11-26T11:07:36","date_gmt":"2025-11-26T10:07:36","guid":{"rendered":"https:\/\/www.vilaweb.cat\/botiga\/?post_type=product&#038;p=45478"},"modified":"2026-01-05T12:49:47","modified_gmt":"2026-01-05T11:49:47","slug":"camaleo-joc-de-cartes","status":"publish","type":"product","link":"https:\/\/www.vilaweb.cat\/botiga\/producte\/camaleo-joc-de-cartes\/","title":{"rendered":"Camale\u00f3. joc de cartes"},"content":{"rendered":"<div class=\"traductor-textarea form-group\">\n<div class=\"textarea-desti col-xs-12 col-sm-6\">\n<div class=\"form-control second-textarea\">Camale\u00f3 &#8211; Cartes Funtastic &#8211; Edici\u00f3 en Catal\u00e0.<\/div>\n<div class=\"form-control second-textarea\">\n<p>\u00c9s un joc de cartes de velocitat i percepci\u00f3 visual en catal\u00e0. Tots els jugadors juguen alhora, intentant descartar-se de les seves cartes el m\u00e9s r\u00e0pid possible sobre la pila del centre.<\/p>\n<p>Per a jugar una carta, aquesta ha de coincidir amb la carta superior de la pila en un dels tres aspectes: el color del camale\u00f3, l&#8217;estampat del fons o el color de la vora. \u00c9s un joc fren\u00e8tic de pura agilitat visual.<\/p>\n<p>Jugadors: 2-4<br \/>\nTemps de joc: Aprox. 10-15 minuts<br \/>\nEdat: 5\u00a0anys<\/p>\n<\/div>\n<\/div>\n<\/div>\n<div class=\"traductor-checkbox form-group\">\n<div class=\"row\">\n<div class=\"col-sm-5\"><\/div>\n<\/div>\n<\/div>\n","protected":false},"excerpt":{"rendered":"<p>2 a 4 jugadors<\/p>\n<p>+ 5 anys<\/p>\n<p>15 minuts<\/p>\n","protected":false},"featured_media":45480,"template":"","meta":[],"product_cat":[58,307],"product_tag":[],"_links":{"self":[{"href":"https:\/\/www.vilaweb.cat\/botiga\/wp-json\/wp\/v2\/product\/45478"}],"collection":[{"href":"https:\/\/www.vilaweb.cat\/botiga\/wp-json\/wp\/v2\/product"}],"about":[{"href":"https:\/\/www.vilaweb.cat\/botiga\/wp-json\/wp\/v2\/types\/product"}],"wp:featuredmedia":[{"embeddable":true,"href":"https:\/\/www.vilaweb.cat\/botiga\/wp-json\/wp\/v2\/media\/45480"}],"wp:attachment":[{"href":"https:\/\/www.vilaweb.cat\/botiga\/wp-json\/wp\/v2\/media?parent=45478"}],"wp:term":[{"taxonomy":"product_cat","embeddable":true,"href":"https:\/\/www.vilaweb.cat\/botiga\/wp-json\/wp\/v2\/product_cat?post=45478"},{"taxonomy":"product_tag","embeddable":true,"href":"https:\/\/www.vilaweb.cat\/botiga\/wp-json\/wp\/v2\/product_tag?post=45478"}],"curies":[{"name":"wp","href":"https:\/\/api.w.org\/{rel}","templated":true}]}}