{"id":45044,"date":"2025-11-10T11:37:29","date_gmt":"2025-11-10T10:37:29","guid":{"rendered":"https:\/\/www.vilaweb.cat\/botiga\/?post_type=product&#038;p=45044"},"modified":"2026-04-17T19:03:23","modified_gmt":"2026-04-17T17:03:23","slug":"una-noia-a-la-ciutat","status":"publish","type":"product","link":"https:\/\/www.vilaweb.cat\/botiga\/producte\/una-noia-a-la-ciutat\/","title":{"rendered":"Una noia a la ciutat"},"content":{"rendered":"<div class=\"elementor-element elementor-element-c5e877c elementor-widget elementor-widget-text-editor\" data-id=\"c5e877c\" data-element_type=\"widget\" data-widget_type=\"text-editor.default\">\n<div class=\"elementor-widget-container\">\n<div class=\"introduccion\">\n<p>Aquest \u00e9s un llibre sobre la ciutat de la mem\u00f2ria, sobre l\u2019amor i la ciutat en els nostres cossos. Una evocaci\u00f3 viva\u00e7 desencadenada per la mort de L, un retorn a la noia que va arribar a Barcelona el 1971 per entrar a la universitat des de la seva comarca agr\u00edcola i que es revela a si mateixa i descobreix la ciutat descobrint-lo a ell.<\/p>\n<p>Amb una prosa sinuosa i precisa, de bellesa intensa i misteriosa, en aquest relat de formaci\u00f3 d\u2019una llauradora de les lletres hi emergeixen els successius pisos d\u2019estudiants; l\u2019amor i l\u2019amistat com a pilars; l\u2019entusiasme pel cine; el mercat de Sant Antoni i els llibres comprats amb el primer sou; una banda sonora \u2013rock, jazz, balades\u2013 que s\u2019escoltava en vinils i cassets; els bars als voltants de la Rambla, columna vertebral de Barcelona.<\/p>\n<p>Hi afloren el clima de finals de la dictadura, la polititzaci\u00f3 estudiantil, la contracultura feminista i l\u2019amor lliure \u2013esl\u00f2gan altisonant, excusa, ves a saber\u2013, els inicis professionals en la premsa en uns temps turbulents de canvi, i els ciments d\u2019una s\u00f2lida vocaci\u00f3 liter\u00e0ria. Cr\u00f2nica po\u00e8tica a flor de pell, assaig \u00edntim, testimoni generacional i retrat d\u2019una Barcelona recollida en la viv\u00e8ncia.<\/p>\n<\/div>\n<\/div>\n<\/div>\n","protected":false},"excerpt":{"rendered":"<p>AUTOR: Merc\u00e8 Ibarz<br \/>\nISBN: 9788433948007<br \/>\nEDICI\u00d3: 1a<br \/>\nENQUADERNACI\u00d3: Tapa rustica<br \/>\nFORMAT: 14 cm x 21 cm<br \/>\nP\u00c0GINES: 184<br \/>\nIDIOMA: Catal\u00e0<\/p>\n","protected":false},"featured_media":45045,"template":"","meta":[],"product_cat":[49,45,18,423],"product_tag":[],"_links":{"self":[{"href":"https:\/\/www.vilaweb.cat\/botiga\/wp-json\/wp\/v2\/product\/45044"}],"collection":[{"href":"https:\/\/www.vilaweb.cat\/botiga\/wp-json\/wp\/v2\/product"}],"about":[{"href":"https:\/\/www.vilaweb.cat\/botiga\/wp-json\/wp\/v2\/types\/product"}],"wp:featuredmedia":[{"embeddable":true,"href":"https:\/\/www.vilaweb.cat\/botiga\/wp-json\/wp\/v2\/media\/45045"}],"wp:attachment":[{"href":"https:\/\/www.vilaweb.cat\/botiga\/wp-json\/wp\/v2\/media?parent=45044"}],"wp:term":[{"taxonomy":"product_cat","embeddable":true,"href":"https:\/\/www.vilaweb.cat\/botiga\/wp-json\/wp\/v2\/product_cat?post=45044"},{"taxonomy":"product_tag","embeddable":true,"href":"https:\/\/www.vilaweb.cat\/botiga\/wp-json\/wp\/v2\/product_tag?post=45044"}],"curies":[{"name":"wp","href":"https:\/\/api.w.org\/{rel}","templated":true}]}}

<div class="elementor-element elementor-element-c5e877c elementor-widget elementor-widget-text-editor" data-id="c5e877c" data-element_type="widget" data-widget_type="text-editor.default">
<div class="elementor-widget-container">
<div class="introduccion">
<p>Aquest és un llibre sobre la ciutat de la memòria, sobre l’amor i la ciutat en els nostres cossos. Una evocació vivaç desencadenada per la mort de L, un retorn a la noia que va arribar a Barcelona el 1971 per entrar a la universitat des de la seva comarca agrícola i que es revela a si mateixa i descobreix la ciutat descobrint-lo a ell.</p>
<p>Amb una prosa sinuosa i precisa, de bellesa intensa i misteriosa, en aquest relat de formació d’una llauradora de les lletres hi emergeixen els successius pisos d’estudiants; l’amor i l’amistat com a pilars; l’entusiasme pel cine; el mercat de Sant Antoni i els llibres comprats amb el primer sou; una banda sonora –rock, jazz, balades– que s’escoltava en vinils i cassets; els bars als voltants de la Rambla, columna vertebral de Barcelona.</p>
<p>Hi afloren el clima de finals de la dictadura, la politització estudiantil, la contracultura feminista i l’amor lliure –eslògan altisonant, excusa, ves a saber–, els inicis professionals en la premsa en uns temps turbulents de canvi, i els ciments d’una sòlida vocació literària. Crònica poètica a flor de pell, assaig íntim, testimoni generacional i retrat d’una Barcelona recollida en la vivència.</p>
</div>
</div>
</div>

<p>AUTOR: Mercè Ibarz<br />
ISBN: 9788433948007<br />
EDICIÓ: 1a<br />
ENQUADERNACIÓ: Tapa rustica<br />
FORMAT: 14 cm x 21 cm<br />
PÀGINES: 184<br />
IDIOMA: Català</p>
