{"id":45042,"date":"2025-11-10T11:34:34","date_gmt":"2025-11-10T10:34:34","guid":{"rendered":"https:\/\/www.vilaweb.cat\/botiga\/?post_type=product&#038;p=45042"},"modified":"2026-03-19T18:40:15","modified_gmt":"2026-03-19T17:40:15","slug":"el-franquisme-en-temps-de-trump","status":"publish","type":"product","link":"https:\/\/www.vilaweb.cat\/botiga\/producte\/el-franquisme-en-temps-de-trump\/","title":{"rendered":"El franquisme en temps de Trump"},"content":{"rendered":"<div class=\"elementor-element elementor-element-c5e877c elementor-widget elementor-widget-text-editor\" data-id=\"c5e877c\" data-element_type=\"widget\" data-widget_type=\"text-editor.default\">\n<div class=\"elementor-widget-container\">\n<div class=\"introduccion\">\n<p><strong>Cinquanta anys de la mort de Franco en un context internacional singular.<\/strong><\/p>\n<p>Fa cinquanta anys de la mort del dictador Francisco Franco mentre la nova ultradreta espanyola de Vox marca l\u2019agenda p\u00fablica i capta el vot jove, en un context mundial trasbalsat pels lideratges agressius de l\u2019autoritarisme postdemocr\u00e0tic. El franquisme desapareix de la mem\u00f2ria col\u00b7lectiva com si mai hagu\u00e9s existit i, alhora, creix a les urnes un neofranquisme desacomplexat que imita les formes barroeres i els discursos amena\u00e7adors de personatges com Donald Trump. \u00c9s una paradoxa inquietant.<\/p>\n<p>Els neofranquistes presenten el passat m\u00e9s fosc com una societat ideal que cal recuperar. Reciclen els residus de la dictadura i els barregen amb idees dels seus socis internacionals per oferir solucions dr\u00e0stiques des de les cambres legislatives, el carrer i les xarxes socials. Francesc-Marc \u00c1lvaro \u2014testimoni directe del Madrid del poder\u2014 explica les claus de l\u2019ascens d\u2019una opci\u00f3 populista que pret\u00e9n conquerir les institucions amb l\u2019antipol\u00edtica m\u00e9s descarnada. Com hem arribat fins aqu\u00ed? Aquest llibre proposa algunes respostes per comprendre el nou paisatge pol\u00edtic.<\/p>\n<\/div>\n<\/div>\n<\/div>\n","protected":false},"excerpt":{"rendered":"<p>AUTOR: \u00c1lvaro, Francesc-Marc<br \/>\nISBN: 9788498096187<br \/>\nEDICI\u00d3: 1a<br \/>\nENQUADERNACI\u00d3: Tapa rustica<br \/>\nFORMAT: 14 cm x 21 cm<br \/>\nP\u00c0GINES: 192<br \/>\nIDIOMA: Catal\u00e0<\/p>\n<p>EDAT: De 5 a 8 anys<\/p>\n","protected":false},"featured_media":45043,"template":"","meta":[],"product_cat":[42,18],"product_tag":[],"_links":{"self":[{"href":"https:\/\/www.vilaweb.cat\/botiga\/wp-json\/wp\/v2\/product\/45042"}],"collection":[{"href":"https:\/\/www.vilaweb.cat\/botiga\/wp-json\/wp\/v2\/product"}],"about":[{"href":"https:\/\/www.vilaweb.cat\/botiga\/wp-json\/wp\/v2\/types\/product"}],"wp:featuredmedia":[{"embeddable":true,"href":"https:\/\/www.vilaweb.cat\/botiga\/wp-json\/wp\/v2\/media\/45043"}],"wp:attachment":[{"href":"https:\/\/www.vilaweb.cat\/botiga\/wp-json\/wp\/v2\/media?parent=45042"}],"wp:term":[{"taxonomy":"product_cat","embeddable":true,"href":"https:\/\/www.vilaweb.cat\/botiga\/wp-json\/wp\/v2\/product_cat?post=45042"},{"taxonomy":"product_tag","embeddable":true,"href":"https:\/\/www.vilaweb.cat\/botiga\/wp-json\/wp\/v2\/product_tag?post=45042"}],"curies":[{"name":"wp","href":"https:\/\/api.w.org\/{rel}","templated":true}]}}