{"id":44941,"date":"2025-11-04T18:46:14","date_gmt":"2025-11-04T17:46:14","guid":{"rendered":"https:\/\/www.vilaweb.cat\/botiga\/?post_type=product&#038;p=44941"},"modified":"2026-03-26T12:57:23","modified_gmt":"2026-03-26T11:57:23","slug":"menjapedia","status":"publish","type":"product","link":"https:\/\/www.vilaweb.cat\/botiga\/producte\/menjapedia\/","title":{"rendered":"Menjap\u00e8dia"},"content":{"rendered":"<div class=\"elementor-element elementor-element-c5e877c elementor-widget elementor-widget-text-editor\" data-id=\"c5e877c\" data-element_type=\"widget\" data-widget_type=\"text-editor.default\">\n<div class=\"elementor-widget-container\">\n<div class=\"introduccion\">\n<p>Setanta fascinants sistemes digestius per descobrir! A trav\u00e9s del sistema digestiu obtenim nutrients dels aliments que consumim. Els nutrients ens ajuden a cr\u00e9ixer i desenvolupar-nos. L\u00b4est\u00f3mac \u00e9s part del nostre sistema digestiu. En aquest llibre aprendr\u00e0s coses sorprenents, des de com funciona cada sistema digestiu, quin \u00e9s el menjar favorit de cada animal, quan mengen i qui se\u00b4ls menja, fins a com s\u00f3n els seus excrements. Una enciclop\u00e8dia on descobrir\u00e0s qu\u00e8 passa amb els diferents sistemes digestius de 70 animals&#8230; inclosos els humans!<\/p>\n<\/div>\n<\/div>\n<\/div>\n","protected":false},"excerpt":{"rendered":"<p>AUTOR: Aina Bestard<br \/>\nISBN: 9788419889423<br \/>\nEDICI\u00d3: 1a<br \/>\nENQUADERNACI\u00d3: Tapa dura<br \/>\nFORMAT: 21 cm x 27 cm<br \/>\nP\u00c0GINES: 180<br \/>\nIDIOMA: Catal\u00e0<\/p>\n<p>EDAT: Infantil &#8211; Juvenil<\/p>\n","protected":false},"featured_media":44942,"template":"","meta":[],"product_cat":[47,18],"product_tag":[],"_links":{"self":[{"href":"https:\/\/www.vilaweb.cat\/botiga\/wp-json\/wp\/v2\/product\/44941"}],"collection":[{"href":"https:\/\/www.vilaweb.cat\/botiga\/wp-json\/wp\/v2\/product"}],"about":[{"href":"https:\/\/www.vilaweb.cat\/botiga\/wp-json\/wp\/v2\/types\/product"}],"wp:featuredmedia":[{"embeddable":true,"href":"https:\/\/www.vilaweb.cat\/botiga\/wp-json\/wp\/v2\/media\/44942"}],"wp:attachment":[{"href":"https:\/\/www.vilaweb.cat\/botiga\/wp-json\/wp\/v2\/media?parent=44941"}],"wp:term":[{"taxonomy":"product_cat","embeddable":true,"href":"https:\/\/www.vilaweb.cat\/botiga\/wp-json\/wp\/v2\/product_cat?post=44941"},{"taxonomy":"product_tag","embeddable":true,"href":"https:\/\/www.vilaweb.cat\/botiga\/wp-json\/wp\/v2\/product_tag?post=44941"}],"curies":[{"name":"wp","href":"https:\/\/api.w.org\/{rel}","templated":true}]}}