{"id":44567,"date":"2025-10-07T12:26:36","date_gmt":"2025-10-07T10:26:36","guid":{"rendered":"https:\/\/www.vilaweb.cat\/botiga\/?post_type=product&#038;p=44567"},"modified":"2026-01-16T12:32:38","modified_gmt":"2026-01-16T11:32:38","slug":"ingrata-patria","status":"publish","type":"product","link":"https:\/\/www.vilaweb.cat\/botiga\/producte\/ingrata-patria\/","title":{"rendered":"Ingrata p\u00e0tria"},"content":{"rendered":"<p>Un consell sumar\u00edssim contra un rector d\u00b4universitat.Un relat trasbalsador sobre la vida i la mort.Un clam contra la intoler\u00e0ncia.<\/p>\n<p>Un il\u00b7lustre professor, metge reputat i rector de la universitat, \u00e9s sentenciat a mort en un consell sumar\u00edssim franquista. Entre els acusadors, figuren antics companys seus de la facultat, que no li perdonen el seu passat d\u2019esquerres. En aquesta novel\u00b7la, Mart\u00ed Dom\u00ednguez s\u2019endinsa en les tres darreres hores de la vida d\u2019aquest professor, en els seus dubtes i expectatives m\u00e9s \u00edntims. Alhora, la novel\u00b7la es desplega com un extraordinari cant coral, on les reflexions i angoixes dels seus companys de pat\u00edbul fan de contrapunt a la veu del professor, i a les consideracions dels botxins. Mart\u00ed Dom\u00ednguez aconsegueix orquestrar un relat trasbalsador sobre la vida i la mort i sobre els m\u00e9s obscurs abismes de la naturalesa humana, i un clam a favor de la cultura i el progr\u00e9s enfront de la barb\u00e0rie.<\/p>\n","protected":false},"excerpt":{"rendered":"<p>AUTOR: Mart\u00ed Dom\u00ednguez<br \/>\nISBN: 9788410488519<br \/>\nEDICI\u00d3: 1a<br \/>\nENQUADERNACI\u00d3: Tapa dura<br \/>\nFORMAT: 13 cm x 20 cm<br \/>\nP\u00c0GINES: 288<br \/>\nIDIOMA: Catal\u00e0<\/p>\n","protected":false},"featured_media":44568,"template":"","meta":[],"product_cat":[49,18],"product_tag":[],"_links":{"self":[{"href":"https:\/\/www.vilaweb.cat\/botiga\/wp-json\/wp\/v2\/product\/44567"}],"collection":[{"href":"https:\/\/www.vilaweb.cat\/botiga\/wp-json\/wp\/v2\/product"}],"about":[{"href":"https:\/\/www.vilaweb.cat\/botiga\/wp-json\/wp\/v2\/types\/product"}],"wp:featuredmedia":[{"embeddable":true,"href":"https:\/\/www.vilaweb.cat\/botiga\/wp-json\/wp\/v2\/media\/44568"}],"wp:attachment":[{"href":"https:\/\/www.vilaweb.cat\/botiga\/wp-json\/wp\/v2\/media?parent=44567"}],"wp:term":[{"taxonomy":"product_cat","embeddable":true,"href":"https:\/\/www.vilaweb.cat\/botiga\/wp-json\/wp\/v2\/product_cat?post=44567"},{"taxonomy":"product_tag","embeddable":true,"href":"https:\/\/www.vilaweb.cat\/botiga\/wp-json\/wp\/v2\/product_tag?post=44567"}],"curies":[{"name":"wp","href":"https:\/\/api.w.org\/{rel}","templated":true}]}}