{"id":44353,"date":"2025-09-18T11:33:40","date_gmt":"2025-09-18T09:33:40","guid":{"rendered":"https:\/\/www.vilaweb.cat\/botiga\/?post_type=product&#038;p=44353"},"modified":"2025-09-18T12:14:38","modified_gmt":"2025-09-18T10:14:38","slug":"rastres-de-fum","status":"publish","type":"product","link":"https:\/\/www.vilaweb.cat\/botiga\/producte\/rastres-de-fum\/","title":{"rendered":"Rastres de fum"},"content":{"rendered":"<p>Inicis dels anys 80, temps de Transici\u00f3. En un centre educatiu p\u00fablic desapareixen diners de forma reiterada, la qual cosa comporta desconfiances i abusoso d&#8217;autoritat. Quan una educadora a qui es relaciona amb aquestes incid\u00e8ncies d\u00f3na a con\u00e8ixer la situaci\u00f3 als seus superiors de la Generalitat, els esdeveniments prenen un gir inesperat. Aquesta novel\u00b7la autobiogr\u00e0fica porta per t\u00edtol Rastres de fum, pel fet que moltes de les seves escenes tenen lloc en despatxos on, com en altres depend\u00e8ncies d&#8217;aquell temps, cap normativa regula la separaci\u00f3 de zones de fumadors i no fumadors, i els espais enva\u00efts pel fum s\u00f3n una imatge habitual.<\/p>\n","protected":false},"excerpt":{"rendered":"<p>AUTOR: Montserrat Vilarnau<br \/>\nISBN: 9788410087323<br \/>\nEDICI\u00d3: 1a<br \/>\nENQUADERNACI\u00d3: Tapa r\u00fastica amb solapes<br \/>\nFORMAT: 14 cm x 21 cm<br \/>\nP\u00c0GINES: 294<br \/>\nIDIOMA: Catal\u00e0<\/p>\n","protected":false},"featured_media":44354,"template":"","meta":[],"product_cat":[49,18],"product_tag":[],"_links":{"self":[{"href":"https:\/\/www.vilaweb.cat\/botiga\/wp-json\/wp\/v2\/product\/44353"}],"collection":[{"href":"https:\/\/www.vilaweb.cat\/botiga\/wp-json\/wp\/v2\/product"}],"about":[{"href":"https:\/\/www.vilaweb.cat\/botiga\/wp-json\/wp\/v2\/types\/product"}],"wp:featuredmedia":[{"embeddable":true,"href":"https:\/\/www.vilaweb.cat\/botiga\/wp-json\/wp\/v2\/media\/44354"}],"wp:attachment":[{"href":"https:\/\/www.vilaweb.cat\/botiga\/wp-json\/wp\/v2\/media?parent=44353"}],"wp:term":[{"taxonomy":"product_cat","embeddable":true,"href":"https:\/\/www.vilaweb.cat\/botiga\/wp-json\/wp\/v2\/product_cat?post=44353"},{"taxonomy":"product_tag","embeddable":true,"href":"https:\/\/www.vilaweb.cat\/botiga\/wp-json\/wp\/v2\/product_tag?post=44353"}],"curies":[{"name":"wp","href":"https:\/\/api.w.org\/{rel}","templated":true}]}}