{"id":41092,"date":"2025-02-27T13:24:44","date_gmt":"2025-02-27T12:24:44","guid":{"rendered":"https:\/\/www.vilaweb.cat\/botiga\/?post_type=product&#038;p=41092"},"modified":"2026-03-20T17:00:45","modified_gmt":"2026-03-20T16:00:45","slug":"aquest-tros-de-vida","status":"publish","type":"product","link":"https:\/\/www.vilaweb.cat\/botiga\/producte\/aquest-tros-de-vida\/","title":{"rendered":"Aquest tros de vida"},"content":{"rendered":"<div class=\"frase-mkt\">\n<div class=\"frase-mkt\">\n<div class=\"frase-mkt\">\n<div class=\"frase-mkt\">\n<p><strong>PREMI RAMON LLULL<\/strong><\/p>\n<p>Una novel\u00b7la que transcendeix en cada p\u00e0gina, amb una narrativa que emociona, provoca i inspira.<\/p>\n<p><strong>Cal deixar d\u2019enyorar per comen\u00e7ar a viure.<\/strong><\/p>\n<\/div>\n<p>La Lena \u00e9s una cient\u00edfica ambiciosa que malda per conciliar les fites laborals amb la crian\u00e7a. Quan \u00e9s dalt de tot de l\u2019escala de les il\u00b7lusions, un parell de sotracs vitals la tornen a la graella de sortida. En plena desfeta personal, desafiant el seu matrimoni, l\u2019opini\u00f3 aliena i, fins i tot, a ella mateixa, decideix emprendre un viatge inesperat amb l\u2019Abel que la porta a Occit\u00e0nia, a casa la Margue i el Beno\u00eet. La conviv\u00e8ncia amb els tres desconeguts far\u00e0 que la Lena es plantegi dilemes inesperats sobre la vida, la mort i l\u2019amor.<\/p>\n<p><em>Aquest tros de vida\u00a0<\/em>explora amb sensibilitat la cruesa vital i la for\u00e7a per continuar endavant. Amb una escriptura precisa i carregada d\u2019intensitat emocional, Estel Sol\u00e9 ens ofereix un relat captivador que ens parla de la fragilitat i la resili\u00e8ncia humanes.<\/p>\n<\/div>\n<\/div>\n<\/div>\n","protected":false},"excerpt":{"rendered":"<p>AUTOR: Estel Sol\u00e9 Casadell\u00e0<br \/>\nISBN: 9788466432986<br \/>\nEDICI\u00d3: 1a<br \/>\nENQUADERNACI\u00d3: Dura amb sobrecoberta<br \/>\nFORMAT: 15 x 22 cm<br \/>\nP\u00c0GINES: 328<br \/>\nIDIOMA: Catal\u00e0<\/p>\n","protected":false},"featured_media":41093,"template":"","meta":[],"product_cat":[49,18],"product_tag":[],"_links":{"self":[{"href":"https:\/\/www.vilaweb.cat\/botiga\/wp-json\/wp\/v2\/product\/41092"}],"collection":[{"href":"https:\/\/www.vilaweb.cat\/botiga\/wp-json\/wp\/v2\/product"}],"about":[{"href":"https:\/\/www.vilaweb.cat\/botiga\/wp-json\/wp\/v2\/types\/product"}],"wp:featuredmedia":[{"embeddable":true,"href":"https:\/\/www.vilaweb.cat\/botiga\/wp-json\/wp\/v2\/media\/41093"}],"wp:attachment":[{"href":"https:\/\/www.vilaweb.cat\/botiga\/wp-json\/wp\/v2\/media?parent=41092"}],"wp:term":[{"taxonomy":"product_cat","embeddable":true,"href":"https:\/\/www.vilaweb.cat\/botiga\/wp-json\/wp\/v2\/product_cat?post=41092"},{"taxonomy":"product_tag","embeddable":true,"href":"https:\/\/www.vilaweb.cat\/botiga\/wp-json\/wp\/v2\/product_tag?post=41092"}],"curies":[{"name":"wp","href":"https:\/\/api.w.org\/{rel}","templated":true}]}}