{"id":41053,"date":"2025-02-21T13:34:48","date_gmt":"2025-02-21T12:34:48","guid":{"rendered":"https:\/\/www.vilaweb.cat\/botiga\/?post_type=product&#038;p=41053"},"modified":"2026-01-16T18:54:50","modified_gmt":"2026-01-16T17:54:50","slug":"somiavem-una-illa","status":"publish","type":"product","link":"https:\/\/www.vilaweb.cat\/botiga\/producte\/somiavem-una-illa\/","title":{"rendered":"Somi\u00e0vem una illa"},"content":{"rendered":"<div class=\"frase-mkt\">\n<div class=\"frase-mkt\">\n<p>\u00abT\u2019estimo i aix\u00f2 \u00e9s un crit d\u2019auxili. T\u2019estimo i aix\u00f2 \u00e9s un\u00a0<em>fem-ho junts, sisplau<\/em>. T\u2019estimo encara que el m\u00f3n se\u2019ns hagi desfet de cop. T\u2019estimo malgrat aquest abisme de bra\u00e7os buits i les illes on m\u2019he perdut.\u00bb<\/p>\n<p>Despr\u00e9s d\u2019un fort sotrac \u2014dos, de fet\u2014, la Carla necessita tornar a endre\u00e7ar la seva vida, reconnectar amb el que \u00e9s important de deb\u00f2 i curar-se les ferides. Per aconseguir-ho, haur\u00e0 de viatjar molt endins de si mateixa, i molt enfora, tamb\u00e9, a un munt d\u2019illes que l\u2019ajudaran a veure la vida des d\u2019una altra \u00f2ptica. Illes remotes, inaccessibles, tr\u00e0giques, llegend\u00e0ries o artificials, illes que, al capdavall, som una mica nosaltres. I mentrestant, procurar\u00e0 pujar dos fills encara petits i viure amb la gent que \u00a0estima: sobretot l\u2019\u00d2scar, la seva parella, la Nora, la seva millor amiga, i el senyor Feliu, un home que sempre ha estat com un avi per a ella.<br \/>\nEnmig d\u2019un dia a dia no sempre llumin\u00f3s, la Carla agafa perspectiva i escriu un text confessional des del fons del cor que l\u2019ajudi a entendre com ha arribat al punt on \u00e9s i qu\u00e8 vol a partir d\u2019ara. Un crit d\u2019auxili per estimar-se de nou.<\/p>\n<\/div>\n<\/div>\n","protected":false},"excerpt":{"rendered":"<p>AUTOR: Roc Casagran<br \/>\nISBN: 9788419721297<br \/>\nEDICI\u00d3: 1a<br \/>\nENQUADERNACI\u00d3: R\u00fastica amb solapes<br \/>\nFORMAT: 15 x 22 cm<br \/>\nP\u00c0GINES: 288<br \/>\nIDIOMA: Catal\u00e0<\/p>\n","protected":false},"featured_media":41054,"template":"","meta":[],"product_cat":[427,49,18,423],"product_tag":[],"_links":{"self":[{"href":"https:\/\/www.vilaweb.cat\/botiga\/wp-json\/wp\/v2\/product\/41053"}],"collection":[{"href":"https:\/\/www.vilaweb.cat\/botiga\/wp-json\/wp\/v2\/product"}],"about":[{"href":"https:\/\/www.vilaweb.cat\/botiga\/wp-json\/wp\/v2\/types\/product"}],"wp:featuredmedia":[{"embeddable":true,"href":"https:\/\/www.vilaweb.cat\/botiga\/wp-json\/wp\/v2\/media\/41054"}],"wp:attachment":[{"href":"https:\/\/www.vilaweb.cat\/botiga\/wp-json\/wp\/v2\/media?parent=41053"}],"wp:term":[{"taxonomy":"product_cat","embeddable":true,"href":"https:\/\/www.vilaweb.cat\/botiga\/wp-json\/wp\/v2\/product_cat?post=41053"},{"taxonomy":"product_tag","embeddable":true,"href":"https:\/\/www.vilaweb.cat\/botiga\/wp-json\/wp\/v2\/product_tag?post=41053"}],"curies":[{"name":"wp","href":"https:\/\/api.w.org\/{rel}","templated":true}]}}