{"id":39156,"date":"2024-12-04T19:07:45","date_gmt":"2024-12-04T18:07:45","guid":{"rendered":"https:\/\/www.vilaweb.cat\/botiga\/?post_type=product&#038;p=39156"},"modified":"2026-03-26T17:12:07","modified_gmt":"2026-03-26T16:12:07","slug":"davantal-paella","status":"publish","type":"product","link":"https:\/\/www.vilaweb.cat\/botiga\/producte\/davantal-paella\/","title":{"rendered":"Davantal Paella"},"content":{"rendered":"<p>Amb el davantal \u201cTinc la paella pel m\u00e0nec\u201d, no nom\u00e9s cuinar\u00e0s els millors plats, sin\u00f3 que tamb\u00e9 ho far\u00e0s amb un toc d\u2019humor i originalitat. Ideal per regalar als amants de la cuina. Per les bones estones entre fogons, aquest davantal ser\u00e0 el seu aliat per dominar qualsevol recepta.<\/p>\n","protected":false},"excerpt":{"rendered":"<p><span style=\"font-weight: 400;\">Davantal fet amb teixit de cot\u00f3, dues butxaques frontals i la frase brodada. La cinta del coll es pot regularitzar a mida gr\u00e0cies a la sivella regulable.<\/span><\/p>\n<p>Producte de Faves Comptades<\/p>\n","protected":false},"featured_media":39158,"template":"","meta":[],"product_cat":[301,307,79,102],"product_tag":[],"_links":{"self":[{"href":"https:\/\/www.vilaweb.cat\/botiga\/wp-json\/wp\/v2\/product\/39156"}],"collection":[{"href":"https:\/\/www.vilaweb.cat\/botiga\/wp-json\/wp\/v2\/product"}],"about":[{"href":"https:\/\/www.vilaweb.cat\/botiga\/wp-json\/wp\/v2\/types\/product"}],"wp:featuredmedia":[{"embeddable":true,"href":"https:\/\/www.vilaweb.cat\/botiga\/wp-json\/wp\/v2\/media\/39158"}],"wp:attachment":[{"href":"https:\/\/www.vilaweb.cat\/botiga\/wp-json\/wp\/v2\/media?parent=39156"}],"wp:term":[{"taxonomy":"product_cat","embeddable":true,"href":"https:\/\/www.vilaweb.cat\/botiga\/wp-json\/wp\/v2\/product_cat?post=39156"},{"taxonomy":"product_tag","embeddable":true,"href":"https:\/\/www.vilaweb.cat\/botiga\/wp-json\/wp\/v2\/product_tag?post=39156"}],"curies":[{"name":"wp","href":"https:\/\/api.w.org\/{rel}","templated":true}]}}