{"id":38906,"date":"2024-11-25T18:50:58","date_gmt":"2024-11-25T17:50:58","guid":{"rendered":"https:\/\/www.vilaweb.cat\/botiga\/?post_type=product&#038;p=38906"},"modified":"2026-03-24T18:53:03","modified_gmt":"2026-03-24T17:53:03","slug":"la-fallera-calavera-deluxe","status":"publish","type":"product","link":"https:\/\/www.vilaweb.cat\/botiga\/producte\/la-fallera-calavera-deluxe\/","title":{"rendered":"La Fallera Calavera DELUXE"},"content":{"rendered":"<p>Despr\u00e9s de morir en una masclet\u00e0 a causa d\u2019un error de seguretat, una fallera torna a la vida convertida en zombi. Nom\u00e9s hi ha una manera de calmar la seua ira apocal\u00edptica: cuinar-li una bona paella!<\/p>\n<p>La Fallera Calavera Deluxe \u00e9s la versi\u00f3 definitiva de La Fallera Calavera amb:<\/p>\n<ul>\n<li aria-level=\"1\"><strong>Cartes m\u00e9s grans i text molt m\u00e9s llegible<\/strong>. Les cartes d\u2019este nou format tenen una mida de 63\u00d788 i el text \u00e9s fins a un 50% m\u00e9s gran!<\/li>\n<li aria-level=\"1\"><strong>108 cartes, 6 m\u00e9s que en el joc original<\/strong>. S\u2019incorporen algunes cartes promocionals u cartes de La Fallera Calavera 2 i 4 al joc b\u00e0sic.<\/li>\n<li aria-level=\"1\"><strong>Jugabiltat m\u00e9s \u00e0gil i divertida<\/strong>. Es canvien algunes regles i efectes de cartes. Tot per a fer a fer un joc m\u00e9s flu\u00eft, accessible i divertit!<\/li>\n<\/ul>\n","protected":false},"excerpt":{"rendered":"<p><strong>Edat:<\/strong>\u00a0A partir de 10 anys<\/p>\n<p><strong>Jugadors:<\/strong>\u00a0De 2 a 5 jugadors<\/p>\n<p><strong>Temps de joc:<\/strong> Partides de 20-30 minuts<\/p>\n","protected":false},"featured_media":38910,"template":"","meta":[],"product_cat":[59],"product_tag":[],"_links":{"self":[{"href":"https:\/\/www.vilaweb.cat\/botiga\/wp-json\/wp\/v2\/product\/38906"}],"collection":[{"href":"https:\/\/www.vilaweb.cat\/botiga\/wp-json\/wp\/v2\/product"}],"about":[{"href":"https:\/\/www.vilaweb.cat\/botiga\/wp-json\/wp\/v2\/types\/product"}],"wp:featuredmedia":[{"embeddable":true,"href":"https:\/\/www.vilaweb.cat\/botiga\/wp-json\/wp\/v2\/media\/38910"}],"wp:attachment":[{"href":"https:\/\/www.vilaweb.cat\/botiga\/wp-json\/wp\/v2\/media?parent=38906"}],"wp:term":[{"taxonomy":"product_cat","embeddable":true,"href":"https:\/\/www.vilaweb.cat\/botiga\/wp-json\/wp\/v2\/product_cat?post=38906"},{"taxonomy":"product_tag","embeddable":true,"href":"https:\/\/www.vilaweb.cat\/botiga\/wp-json\/wp\/v2\/product_tag?post=38906"}],"curies":[{"name":"wp","href":"https:\/\/api.w.org\/{rel}","templated":true}]}}