{"id":38769,"date":"2024-11-20T16:35:53","date_gmt":"2024-11-20T15:35:53","guid":{"rendered":"https:\/\/www.vilaweb.cat\/botiga\/?post_type=product&#038;p=38769"},"modified":"2026-03-06T18:34:34","modified_gmt":"2026-03-06T17:34:34","slug":"joc-drac","status":"publish","type":"product","link":"https:\/\/www.vilaweb.cat\/botiga\/producte\/joc-drac\/","title":{"rendered":"Joc DRAC"},"content":{"rendered":"<p class=\"cvGsUA direction-ltr align-start para-style-body\">Crea el drac m\u00e9s sorprenent del m\u00f3n!<br \/>\nAquest joc, sense normes ni instruccions, estimula el desenvolupament de l&#8217;infant des d&#8217;una vessant l\u00fadica, espont\u00e0nia i no dirigida, permetent l&#8217;exploraci\u00f3 sense l\u00edmits de la seva creativitat.<br \/>\n\u00b7 Un joc que potencia la creativitat i la imaginaci\u00f3<br \/>\n\u00b7 Estimula la mem\u00f2ria i la l\u00f2gica.<br \/>\n\u00b7 Fa cr\u00e9ixer la capacitat d&#8217;observaci\u00f3, concentraci\u00f3 i l&#8217;orientaci\u00f3 dins l&#8217;espai.<br \/>\nUn joc lliure, sense normes, per a crear, experimentar i aprendre. Deixa volar la teva creativitat i crea un drac ben especial o juga-hi com m\u00e9s t&#8217;agradi!<\/p>\n<p>&nbsp;<\/p>\n","protected":false},"excerpt":{"rendered":"<p>A partir de 3 anys<\/p>\n<div class=\"londji-product-feature\"><label class=\"label\">Material<\/label>\u00a0Paper FSC i cartr\u00f3 reciclat<\/div>\n<div class=\"londji-product-feature\"><label class=\"label\">Il.lustraci\u00f3<\/label>\u00a0Queralt Armengol<\/div>\n<div class=\"londji-product-feature\"><label class=\"label\">Instruccions<\/label>\u00a0en catal\u00e0, castell\u00e0, franc\u00e8s, angl\u00e8s alemany i itali\u00e0<\/div>\n<div class=\"londji-product-feature\"><label class=\"label\">Fabricat a<\/label>\u00a0Barcelona<\/div>\n","protected":false},"featured_media":38772,"template":"","meta":[],"product_cat":[58],"product_tag":[],"_links":{"self":[{"href":"https:\/\/www.vilaweb.cat\/botiga\/wp-json\/wp\/v2\/product\/38769"}],"collection":[{"href":"https:\/\/www.vilaweb.cat\/botiga\/wp-json\/wp\/v2\/product"}],"about":[{"href":"https:\/\/www.vilaweb.cat\/botiga\/wp-json\/wp\/v2\/types\/product"}],"wp:featuredmedia":[{"embeddable":true,"href":"https:\/\/www.vilaweb.cat\/botiga\/wp-json\/wp\/v2\/media\/38772"}],"wp:attachment":[{"href":"https:\/\/www.vilaweb.cat\/botiga\/wp-json\/wp\/v2\/media?parent=38769"}],"wp:term":[{"taxonomy":"product_cat","embeddable":true,"href":"https:\/\/www.vilaweb.cat\/botiga\/wp-json\/wp\/v2\/product_cat?post=38769"},{"taxonomy":"product_tag","embeddable":true,"href":"https:\/\/www.vilaweb.cat\/botiga\/wp-json\/wp\/v2\/product_tag?post=38769"}],"curies":[{"name":"wp","href":"https:\/\/api.w.org\/{rel}","templated":true}]}}