{"id":38427,"date":"2024-10-23T12:20:10","date_gmt":"2024-10-23T10:20:10","guid":{"rendered":"https:\/\/www.vilaweb.cat\/botiga\/?post_type=product&#038;p=38427"},"modified":"2025-09-03T16:47:42","modified_gmt":"2025-09-03T14:47:42","slug":"catalunya-desapareguda","status":"publish","type":"product","link":"https:\/\/www.vilaweb.cat\/botiga\/producte\/catalunya-desapareguda\/","title":{"rendered":"Catalunya Desapareguda"},"content":{"rendered":"<p>El llibre que teniu a les mans \u00e9s un recorregut fotogr\u00e0fic pel passat mes recent de Catalunya, des de les imatges m\u00e9s antigues conegudes fins al restabliment de la democr\u00e0cia. M\u00e9s de sis-centes fotografies arriben al gran p\u00fablic gr\u00e0cies a la recerca que, durant d\u00e8cades, s\u2019ha realitzat en milers d\u2019\u00e0lbums familiars. Les imatges mostren el territori i els h\u00e0bitats hist\u00f2rics, aix\u00ed com tamb\u00e9 la vida quotidiana, el m\u00f3n del treball, el lleure i les institucions, durant cent cinquanta anys d\u2019hist\u00f2ria del pa\u00eds. Un \u00e0lbum fotogr\u00e0fic \u00fanic de la Catalunya dels segles XIX i XX.<\/p>\n","protected":false},"excerpt":{"rendered":"<p>AUTOR: Daniel Venteo<br \/>\nISBN: 9788417432829<br \/>\nEDICI\u00d3: 1a<br \/>\nENQUADERNACI\u00d3: Dura<br \/>\nFORMAT: 21 x 15 cm<br \/>\nP\u00c0GINES: 568<br \/>\nIDIOMA: Catal\u00e0<\/p>\n","protected":false},"featured_media":38428,"template":"","meta":[],"product_cat":[45,18],"product_tag":[],"_links":{"self":[{"href":"https:\/\/www.vilaweb.cat\/botiga\/wp-json\/wp\/v2\/product\/38427"}],"collection":[{"href":"https:\/\/www.vilaweb.cat\/botiga\/wp-json\/wp\/v2\/product"}],"about":[{"href":"https:\/\/www.vilaweb.cat\/botiga\/wp-json\/wp\/v2\/types\/product"}],"wp:featuredmedia":[{"embeddable":true,"href":"https:\/\/www.vilaweb.cat\/botiga\/wp-json\/wp\/v2\/media\/38428"}],"wp:attachment":[{"href":"https:\/\/www.vilaweb.cat\/botiga\/wp-json\/wp\/v2\/media?parent=38427"}],"wp:term":[{"taxonomy":"product_cat","embeddable":true,"href":"https:\/\/www.vilaweb.cat\/botiga\/wp-json\/wp\/v2\/product_cat?post=38427"},{"taxonomy":"product_tag","embeddable":true,"href":"https:\/\/www.vilaweb.cat\/botiga\/wp-json\/wp\/v2\/product_tag?post=38427"}],"curies":[{"name":"wp","href":"https:\/\/api.w.org\/{rel}","templated":true}]}}