{"id":38241,"date":"2024-10-11T13:16:01","date_gmt":"2024-10-11T11:16:01","guid":{"rendered":"https:\/\/www.vilaweb.cat\/botiga\/?post_type=product&#038;p=38241"},"modified":"2026-01-30T18:46:36","modified_gmt":"2026-01-30T17:46:36","slug":"walkie-talkie","status":"publish","type":"product","link":"https:\/\/www.vilaweb.cat\/botiga\/producte\/walkie-talkie\/","title":{"rendered":"Walkie-talkie"},"content":{"rendered":"<p>En aquest genial joc, la rapidesa \u00e9s la clau, cada partida ser\u00e0 s\u00faper r\u00e0pida i has de ser \u00e0gil!<br \/>\nL\u2019objectiu \u00e9s que aconsegueixis desfer-te de totes les teves cartes aconseguint la major puntuaci\u00f3 possible. Com fer-ho? Observa les teves cartes amb lletres i colors, observa despr\u00e9s les cartes que hi ha sobre la taula, i intenta nomenar alguna cosa que tingui en com\u00fa la inicial i el color de les cartes que es juguen en la taula. Les partides s\u00f3n molt curtes i veritablement trepidants, perqu\u00e8 no hi ha torns i tots jugareu alhora, prepara\u2019t!<\/p>\n<p>&nbsp;<\/p>\n","protected":false},"excerpt":{"rendered":"<p>A partir de 8 anys<\/p>\n<p>2-8 jugadors<\/p>\n<p>Durada de la partida 5 min<\/p>\n","protected":false},"featured_media":38243,"template":"","meta":[],"product_cat":[59,58],"product_tag":[],"_links":{"self":[{"href":"https:\/\/www.vilaweb.cat\/botiga\/wp-json\/wp\/v2\/product\/38241"}],"collection":[{"href":"https:\/\/www.vilaweb.cat\/botiga\/wp-json\/wp\/v2\/product"}],"about":[{"href":"https:\/\/www.vilaweb.cat\/botiga\/wp-json\/wp\/v2\/types\/product"}],"wp:featuredmedia":[{"embeddable":true,"href":"https:\/\/www.vilaweb.cat\/botiga\/wp-json\/wp\/v2\/media\/38243"}],"wp:attachment":[{"href":"https:\/\/www.vilaweb.cat\/botiga\/wp-json\/wp\/v2\/media?parent=38241"}],"wp:term":[{"taxonomy":"product_cat","embeddable":true,"href":"https:\/\/www.vilaweb.cat\/botiga\/wp-json\/wp\/v2\/product_cat?post=38241"},{"taxonomy":"product_tag","embeddable":true,"href":"https:\/\/www.vilaweb.cat\/botiga\/wp-json\/wp\/v2\/product_tag?post=38241"}],"curies":[{"name":"wp","href":"https:\/\/api.w.org\/{rel}","templated":true}]}}