{"id":37271,"date":"2024-09-03T13:15:00","date_gmt":"2024-09-03T11:15:00","guid":{"rendered":"https:\/\/www.vilaweb.cat\/botiga\/?post_type=product&#038;p=37271"},"modified":"2026-01-16T19:09:15","modified_gmt":"2026-01-16T18:09:15","slug":"acte-de-fe","status":"publish","type":"product","link":"https:\/\/www.vilaweb.cat\/botiga\/producte\/acte-de-fe\/","title":{"rendered":"Acte de fe"},"content":{"rendered":"<div class=\"frase-mkt\">\n<p>Sants, 1909. Als peus d\u2019una figuera centen\u00e0ria i bressolada per un dia de tempesta, neix la Maria, filla d\u2019immigrants obrers d\u2019Almoines, al Pa\u00eds Valenci\u00e0. Les primeres llums que va veure la Maria van ser les de la Rosa de Foc\u00bb, la Barcelona revoltada, un formiguer d\u2019esperances i de viol\u00e8ncia que va marcar la seva vida. Com la de tantes dones lluitadores que ens han obert cam\u00ed.<\/p>\n<p>Durant el saqueig del call de Sevilla, dues fam\u00edlies jueves que celebren un casament s\u00f3n atacades per un grup de cristians exaltats. Vuitanta anys despr\u00e9s, l\u2019estudiant de teologia Manuel N\u00fa\u00f1ez s\u2019implica en la causa inquisitorial contra els falsos conversos. Ell, el seu amic Esteban i la seva germana Francisca, nov\u00edcia dominica, assisteixen al primer Acte de Fe del Sant Ofici, celebrat amb gran pompa a Sevilla. Sis heretges hi s\u00f3n condemnats a la foguera. La vida del jove Manuel far\u00e0 un tomb inesperat quan viatjar\u00e0 a l\u2019Arag\u00f3 per assistir al casament del seu amic Calixt amb la misteriosa Constan\u00e7a. All\u00ed, on la Inquisici\u00f3 \u00e9s vista com una imposici\u00f3 de la Corona de Castella, les conviccions del jove te\u00f2leg trontollaran.<\/p>\n<\/div>\n","protected":false},"excerpt":{"rendered":"<p>AUTOR: Sergi Belbel<br \/>\nISBN: 9788419657800<br \/>\nEDICI\u00d3: 1a<br \/>\nENQUADERNACI\u00d3: Dura sense solapes<br \/>\nFORMAT: 14 x 21 cm<br \/>\nP\u00c0GINES: 520<br \/>\nIDIOMA: Catal\u00e0<\/p>\n","protected":false},"featured_media":37272,"template":"","meta":[],"product_cat":[427,49,18],"product_tag":[],"_links":{"self":[{"href":"https:\/\/www.vilaweb.cat\/botiga\/wp-json\/wp\/v2\/product\/37271"}],"collection":[{"href":"https:\/\/www.vilaweb.cat\/botiga\/wp-json\/wp\/v2\/product"}],"about":[{"href":"https:\/\/www.vilaweb.cat\/botiga\/wp-json\/wp\/v2\/types\/product"}],"wp:featuredmedia":[{"embeddable":true,"href":"https:\/\/www.vilaweb.cat\/botiga\/wp-json\/wp\/v2\/media\/37272"}],"wp:attachment":[{"href":"https:\/\/www.vilaweb.cat\/botiga\/wp-json\/wp\/v2\/media?parent=37271"}],"wp:term":[{"taxonomy":"product_cat","embeddable":true,"href":"https:\/\/www.vilaweb.cat\/botiga\/wp-json\/wp\/v2\/product_cat?post=37271"},{"taxonomy":"product_tag","embeddable":true,"href":"https:\/\/www.vilaweb.cat\/botiga\/wp-json\/wp\/v2\/product_tag?post=37271"}],"curies":[{"name":"wp","href":"https:\/\/api.w.org\/{rel}","templated":true}]}}