{"id":37184,"date":"2024-09-02T10:00:52","date_gmt":"2024-09-02T08:00:52","guid":{"rendered":"https:\/\/www.vilaweb.cat\/botiga\/?post_type=product&#038;p=37184"},"modified":"2026-01-16T19:09:34","modified_gmt":"2026-01-16T18:09:34","slug":"salvat-papasseit-lesplendor-davant-labisme-agustin-comotto","status":"publish","type":"product","link":"https:\/\/www.vilaweb.cat\/botiga\/producte\/salvat-papasseit-lesplendor-davant-labisme-agustin-comotto\/","title":{"rendered":"Salvat-Papasseit. L&#8217;esplendor davant l&#8217;abisme"},"content":{"rendered":"<div class=\"frase-mkt\">\n<p>Cada \u00e8poca hist\u00f2rica genera la seva pr\u00f2pia poesia, influ\u00efda per les circumst\u00e0ncies viscudes per les persones que l\u2019habiten. Aix\u00ed doncs, comprendre un poeta implica fer un viatge a l\u2019\u00e8poca que va viure. A principis del segle XX, Catalunya va experimentar un canvi art\u00edstic i social que es distanciava i renegava del noucentisme hegem\u00f2nic. Aix\u00ed va ser com les avantguardes van arribar al nostre pa\u00eds.\u00a0<strong>El poeta Joan Salvat- Papasseit \u00e9s el gran estendard literari del moviment<\/strong>, i \u00e9s un dels personatges culturalment m\u00e9s rellevants del principi de segle XX. Aquest c\u00f2mic ens endinsa en el seu imaginari i la seva \u00e8poca, combinant biografia i obra del poeta il\u00b7lustrada.<\/p>\n<\/div>\n","protected":false},"excerpt":{"rendered":"<p><strong>PREVENDA. Rebr\u00e0s el llibre a partir del 4 de setembre.<\/strong><\/p>\n<p>AUTOR: Agust\u00edn Comotto<br \/>\nISBN: 9788410161122<br \/>\nEDICI\u00d3: 1a<br \/>\nENQUADERNACI\u00d3: R\u00fastica amb solapes<br \/>\nFORMAT: 17 x 24 cm<br \/>\nP\u00c0GINES: 128<br \/>\nIDIOMA: Catal\u00e0<\/p>\n","protected":false},"featured_media":37187,"template":"","meta":[],"product_cat":[427,45,18,291],"product_tag":[],"_links":{"self":[{"href":"https:\/\/www.vilaweb.cat\/botiga\/wp-json\/wp\/v2\/product\/37184"}],"collection":[{"href":"https:\/\/www.vilaweb.cat\/botiga\/wp-json\/wp\/v2\/product"}],"about":[{"href":"https:\/\/www.vilaweb.cat\/botiga\/wp-json\/wp\/v2\/types\/product"}],"wp:featuredmedia":[{"embeddable":true,"href":"https:\/\/www.vilaweb.cat\/botiga\/wp-json\/wp\/v2\/media\/37187"}],"wp:attachment":[{"href":"https:\/\/www.vilaweb.cat\/botiga\/wp-json\/wp\/v2\/media?parent=37184"}],"wp:term":[{"taxonomy":"product_cat","embeddable":true,"href":"https:\/\/www.vilaweb.cat\/botiga\/wp-json\/wp\/v2\/product_cat?post=37184"},{"taxonomy":"product_tag","embeddable":true,"href":"https:\/\/www.vilaweb.cat\/botiga\/wp-json\/wp\/v2\/product_tag?post=37184"}],"curies":[{"name":"wp","href":"https:\/\/api.w.org\/{rel}","templated":true}]}}