{"id":34546,"date":"2024-03-06T17:24:33","date_gmt":"2024-03-06T16:24:33","guid":{"rendered":"https:\/\/www.vilaweb.cat\/botiga\/?post_type=product&#038;p=34546"},"modified":"2026-04-02T20:36:56","modified_gmt":"2026-04-02T18:36:56","slug":"deu-llicons-per-a-salvar-el-catala","status":"publish","type":"product","link":"https:\/\/www.vilaweb.cat\/botiga\/producte\/deu-llicons-per-a-salvar-el-catala\/","title":{"rendered":"Deu lli\u00e7ons per a salvar el catal\u00e0"},"content":{"rendered":"<p>Quin paper ha de tenir el catal\u00e0 en el futur del pa\u00eds? Qu\u00e8 podem fer per mantenir-lo viu? Quines pol\u00edtiques ling\u00fc\u00edstiques s\u00f3n encertades per a preservar la llengua? I quina \u00e9s la vertadera llengua inclusiva? M. Carme Junyent reflexiona sobre les q\u00fcestions ling\u00fc\u00edstiques que m\u00e9s la preocupaven en aquesta tria d&#8217;articles que va publicar a VilaWeb els deu darrers anys i en algunes de les entrevistes que li van fer.<\/p>\n<p>El fil\u00f2leg Jordi Badia n&#8217;ha fet l&#8217;edici\u00f3 i la tria dels textos i l&#8217;editora de VilaWeb, Assumpci\u00f3 Maresma, n&#8217;ha escrit el pr\u00f2leg.<\/p>\n<p>&#8220;\u00c9s evident que el catal\u00e0 no \u00e9s nom\u00e9s dels catalans, per\u00f2 tamb\u00e9 \u00e9s evident que, per a aquells que ho vulguin, parlar catal\u00e0 \u00e9s &#8220;ser catal\u00e0&#8221;. Aquest regal de la fortuna que ens permet una forma d&#8217;incorporaci\u00f3 tangible en la societat s&#8217;hauria de promoure. I haur\u00edem de ser conscients que cada vegada que neguem als altres la possibilitat de participar en la nostra vida i la nostra llengua fem un pas m\u00e9s cap a l&#8217;extinci\u00f3&#8221;.<\/p>\n","protected":false},"excerpt":{"rendered":"<p>AUTOR: M. Carme Junyent<br \/>\nISBN: 9788419245458<br \/>\nEDICI\u00d3: 1a<br \/>\nENQUADERNACI\u00d3: R\u00fastica amb solapes<br \/>\nFORMAT: 15 x 23 cm<br \/>\nP\u00c0GINES: 230<br \/>\nIDIOMA: Catal\u00e0<\/p>\n","protected":false},"featured_media":34547,"template":"","meta":[],"product_cat":[48,18],"product_tag":[],"_links":{"self":[{"href":"https:\/\/www.vilaweb.cat\/botiga\/wp-json\/wp\/v2\/product\/34546"}],"collection":[{"href":"https:\/\/www.vilaweb.cat\/botiga\/wp-json\/wp\/v2\/product"}],"about":[{"href":"https:\/\/www.vilaweb.cat\/botiga\/wp-json\/wp\/v2\/types\/product"}],"wp:featuredmedia":[{"embeddable":true,"href":"https:\/\/www.vilaweb.cat\/botiga\/wp-json\/wp\/v2\/media\/34547"}],"wp:attachment":[{"href":"https:\/\/www.vilaweb.cat\/botiga\/wp-json\/wp\/v2\/media?parent=34546"}],"wp:term":[{"taxonomy":"product_cat","embeddable":true,"href":"https:\/\/www.vilaweb.cat\/botiga\/wp-json\/wp\/v2\/product_cat?post=34546"},{"taxonomy":"product_tag","embeddable":true,"href":"https:\/\/www.vilaweb.cat\/botiga\/wp-json\/wp\/v2\/product_tag?post=34546"}],"curies":[{"name":"wp","href":"https:\/\/api.w.org\/{rel}","templated":true}]}}