{"id":34294,"date":"2024-02-02T20:02:36","date_gmt":"2024-02-02T19:02:36","guid":{"rendered":"https:\/\/www.vilaweb.cat\/botiga\/?post_type=product&#038;p=34294"},"modified":"2026-01-16T19:14:50","modified_gmt":"2026-01-16T18:14:50","slug":"de-lhort-al-plat","status":"publish","type":"product","link":"https:\/\/www.vilaweb.cat\/botiga\/producte\/de-lhort-al-plat\/","title":{"rendered":"De l&#8217;hort al plat"},"content":{"rendered":"<p>Amb la clarivid\u00e8ncia i el bon humor que el caracteritzen, en Pep Salsetes ens convida a reviure una cuina estacional i popular, a favor de la sostenibilitat, el producte local i la gresca. En aquesta veritable \u00abb\u00edblia\u00bb del nostre patrimoni culinari m\u00e9s genu\u00ed hi trobareu un centenar de receptes recollides per tradici\u00f3 oral de mestresses de casa i coquesses, plats en perill d&#8217;extinci\u00f3 i \u00e0pats associats a les festivitats de la nostra terra que fan venir salivera i ens retornen el sentit primordial de la cuina: alimentar-nos i xalar.<\/p>\n<p><b>Resenyes:<\/b><br \/>\n\u00abO en Pep Salsetes \u00e9s la propera Creu de Sant Jordi o la Creu de Sant Jordi no significa RE\u00bb.<br \/>\nMaria Nicolau<\/p>\n<p>\u00abEl savi de la cuina catalana\u00bb.<br \/>\nAda Parellada<\/p>\n<p>\u00abEn Pep \u00e9s hist\u00f2ria viva de la nostra cuina\u00bb.<br \/>\nToni Massan\u00e8s<\/p>\n","protected":false},"excerpt":{"rendered":"<p>Amb la clarivid\u00e8ncia i el bon humor que el caracteritzen, en Pep Salsetes ens convida a reviure una cuina estacional i popular, a favor de la sostenibilitat, el producte local i la gresca. En aquesta veritable \u00abb\u00edblia\u00bb del nostre patrimoni culinari m\u00e9s genu\u00ed hi trobareu un centenar de receptes recollides per tradici\u00f3 oral de mestresses [&hellip;]<\/p>\n","protected":false},"featured_media":34295,"template":"","meta":[],"product_cat":[207,427,18],"product_tag":[],"_links":{"self":[{"href":"https:\/\/www.vilaweb.cat\/botiga\/wp-json\/wp\/v2\/product\/34294"}],"collection":[{"href":"https:\/\/www.vilaweb.cat\/botiga\/wp-json\/wp\/v2\/product"}],"about":[{"href":"https:\/\/www.vilaweb.cat\/botiga\/wp-json\/wp\/v2\/types\/product"}],"wp:featuredmedia":[{"embeddable":true,"href":"https:\/\/www.vilaweb.cat\/botiga\/wp-json\/wp\/v2\/media\/34295"}],"wp:attachment":[{"href":"https:\/\/www.vilaweb.cat\/botiga\/wp-json\/wp\/v2\/media?parent=34294"}],"wp:term":[{"taxonomy":"product_cat","embeddable":true,"href":"https:\/\/www.vilaweb.cat\/botiga\/wp-json\/wp\/v2\/product_cat?post=34294"},{"taxonomy":"product_tag","embeddable":true,"href":"https:\/\/www.vilaweb.cat\/botiga\/wp-json\/wp\/v2\/product_tag?post=34294"}],"curies":[{"name":"wp","href":"https:\/\/api.w.org\/{rel}","templated":true}]}}