{"id":34211,"date":"2024-01-24T13:59:48","date_gmt":"2024-01-24T12:59:48","guid":{"rendered":"https:\/\/www.vilaweb.cat\/botiga\/?post_type=product&#038;p=34211"},"modified":"2026-03-10T10:06:04","modified_gmt":"2026-03-10T09:06:04","slug":"davantal-no-em-toquis-els-calcots","status":"publish","type":"product","link":"https:\/\/www.vilaweb.cat\/botiga\/producte\/davantal-no-em-toquis-els-calcots\/","title":{"rendered":"Davantal &#8216;No em toquis els cal\u00e7ots&#8217;"},"content":{"rendered":"","protected":false},"excerpt":{"rendered":"<p>Davantal ideal per regalar al sacrificat amfitri\u00f3 o pencaire motivat de les cal\u00e7otades: El que t\u00e9 el truc infal\u00b7lible per coure els cal\u00e7ots sense que es cremis ni perdin gens el gust. Per al que fa foc des de bon mat\u00ed fins que gira les costelles i fa el pa torrat, per al que aconsegueix que la seva \u00e0via faci una deliciosa salsa&#8230;<\/p>\n","protected":false},"featured_media":34213,"template":"","meta":[],"product_cat":[301],"product_tag":[],"_links":{"self":[{"href":"https:\/\/www.vilaweb.cat\/botiga\/wp-json\/wp\/v2\/product\/34211"}],"collection":[{"href":"https:\/\/www.vilaweb.cat\/botiga\/wp-json\/wp\/v2\/product"}],"about":[{"href":"https:\/\/www.vilaweb.cat\/botiga\/wp-json\/wp\/v2\/types\/product"}],"wp:featuredmedia":[{"embeddable":true,"href":"https:\/\/www.vilaweb.cat\/botiga\/wp-json\/wp\/v2\/media\/34213"}],"wp:attachment":[{"href":"https:\/\/www.vilaweb.cat\/botiga\/wp-json\/wp\/v2\/media?parent=34211"}],"wp:term":[{"taxonomy":"product_cat","embeddable":true,"href":"https:\/\/www.vilaweb.cat\/botiga\/wp-json\/wp\/v2\/product_cat?post=34211"},{"taxonomy":"product_tag","embeddable":true,"href":"https:\/\/www.vilaweb.cat\/botiga\/wp-json\/wp\/v2\/product_tag?post=34211"}],"curies":[{"name":"wp","href":"https:\/\/api.w.org\/{rel}","templated":true}]}}