{"id":33301,"date":"2023-12-15T17:39:47","date_gmt":"2023-12-15T16:39:47","guid":{"rendered":"https:\/\/www.vilaweb.cat\/botiga\/?post_type=product&#038;p=33301"},"modified":"2026-01-21T11:34:35","modified_gmt":"2026-01-21T10:34:35","slug":"paella-park","status":"publish","type":"product","link":"https:\/\/www.vilaweb.cat\/botiga\/producte\/paella-park\/","title":{"rendered":"Paella Park"},"content":{"rendered":"","protected":false},"excerpt":{"rendered":"<p><strong>Paella Park<\/strong> \u00e9s un joc nou i independent ambientat en l\u2019univers de La Fallera Calavera. Visita aquest parc tem\u00e0tic i intenta gaudir del m\u00e0xim nombre d\u2019atraccions i espectacles en el temps que dura la jornada. Tracta de botar-te les cues, fes-te fotos amb la mascota i evita acabar vomitant pel mareig! Tempta la sort amb una paella n\u00f2ria girat\u00f2ria en 3D!<\/p>\n<p><strong>Contingut del joc<\/strong>: 2 taulers, m\u00e9s de 100 cartes, bloc de puntuaci\u00f3, fitxes i una paella n\u00f2ria girat\u00f2ria en 3D.<br \/>\n<strong>Caracter\u00edstiques:<\/strong> A partir de 10 anys, 2-5 jugadors, partides de 60 minuts.<br \/>\nUn joc d\u2019Enric Aguilar i Eloi Pujadas, il\u00b7lustrat per Esther M\u00e9ndez<\/p>\n","protected":false},"featured_media":33302,"template":"","meta":[],"product_cat":[59,307],"product_tag":[],"_links":{"self":[{"href":"https:\/\/www.vilaweb.cat\/botiga\/wp-json\/wp\/v2\/product\/33301"}],"collection":[{"href":"https:\/\/www.vilaweb.cat\/botiga\/wp-json\/wp\/v2\/product"}],"about":[{"href":"https:\/\/www.vilaweb.cat\/botiga\/wp-json\/wp\/v2\/types\/product"}],"wp:featuredmedia":[{"embeddable":true,"href":"https:\/\/www.vilaweb.cat\/botiga\/wp-json\/wp\/v2\/media\/33302"}],"wp:attachment":[{"href":"https:\/\/www.vilaweb.cat\/botiga\/wp-json\/wp\/v2\/media?parent=33301"}],"wp:term":[{"taxonomy":"product_cat","embeddable":true,"href":"https:\/\/www.vilaweb.cat\/botiga\/wp-json\/wp\/v2\/product_cat?post=33301"},{"taxonomy":"product_tag","embeddable":true,"href":"https:\/\/www.vilaweb.cat\/botiga\/wp-json\/wp\/v2\/product_tag?post=33301"}],"curies":[{"name":"wp","href":"https:\/\/api.w.org\/{rel}","templated":true}]}}