{"id":33076,"date":"2023-12-05T15:13:53","date_gmt":"2023-12-05T14:13:53","guid":{"rendered":"https:\/\/www.vilaweb.cat\/botiga\/?post_type=product&#038;p=33076"},"modified":"2025-07-19T13:19:46","modified_gmt":"2025-07-19T11:19:46","slug":"periodisme","status":"publish","type":"product","link":"https:\/\/www.vilaweb.cat\/botiga\/producte\/periodisme\/","title":{"rendered":"Periodisme"},"content":{"rendered":"<p>Aquest volum presenta una selecci\u00f3 d\u2019articles period\u00edstics d\u2019Eugeni Xammar, aplegats en quatre seccions. La primera, \u00abPeriodisme informatiu\u00bb, cont\u00e9 els cinc articles que Xammar va publicar a La Veu de Catalunya com a cr\u00f2nica del viatge a R\u00fassia que va fer, el 1925, en companyia de Josep Pla. La segona, \u00abPeriodisme pol\u00e8mic\u00bb, presenta in extenso la pol\u00e8mica sobre el periodisme, i especialment sobre la figura d\u2019Eugeni d\u2019Ors, que Pla i Xammar, plegats, van mantenir el 1924 amb Montoliu i amb Junoy a les p\u00e0gines de La Veu. La tercera secci\u00f3, \u00abPeriodisme pol\u00edtic\u00bb, reuneix articles de poca difusi\u00f3 \u2014 i algun d\u2019in\u00e8dit \u2014 que tracten majorit\u00e0riament de la pol\u00edtica cultural catalana sota el franquisme. Finalment, a \u00abPeriodisme literari\u00bb s\u2019aplega una breu mostra d\u2019articles sobre costums i paisatges catalans, tots ells immediatament posteriors a la Guerra Civil. El conjunt, doncs, d\u00f3na una visi\u00f3 molt completa dels m\u00faltiples registres que dominava el m\u00e9s internacional dels periodistes del pa\u00eds \u2014 que, a desgrat de ser tamb\u00e9 un dels m\u00e9s aguts, \u00e0gils i brillants, \u00e9s pr\u00e0cticament, avui, un desconegut \u2014, i es constitueix, aix\u00ed, en una contribuci\u00f3 indispensable per al coneixement d\u2019un cap\u00edtol important de la literatura catalana del segle XX. La selecci\u00f3 i la presentaci\u00f3 dels textos han anat a c\u00e0rrec de Josep Badia i Moret, que ja va tenir cura de les extraordin\u00e0ries mem\u00f2ries d\u2019Eugeni Xammar, Seixanta anys d\u2019anar pel m\u00f3n (1974).<\/p>\n","protected":false},"excerpt":{"rendered":"<p>AUTOR: Eugeni Xammar<br \/>\nISBN: 978-84-7727-044-7<br \/>\nEDICI\u00d3: 2a<br \/>\nENQUADERNACI\u00d3: R\u00fastega cosida<br \/>\nFORMAT: 13,1 x 21 cm<br \/>\nP\u00c0GINES: 168<br \/>\nIDIOMA: Catal\u00e0<\/p>\n","protected":false},"featured_media":33077,"template":"","meta":[],"product_cat":[42,18],"product_tag":[],"_links":{"self":[{"href":"https:\/\/www.vilaweb.cat\/botiga\/wp-json\/wp\/v2\/product\/33076"}],"collection":[{"href":"https:\/\/www.vilaweb.cat\/botiga\/wp-json\/wp\/v2\/product"}],"about":[{"href":"https:\/\/www.vilaweb.cat\/botiga\/wp-json\/wp\/v2\/types\/product"}],"wp:featuredmedia":[{"embeddable":true,"href":"https:\/\/www.vilaweb.cat\/botiga\/wp-json\/wp\/v2\/media\/33077"}],"wp:attachment":[{"href":"https:\/\/www.vilaweb.cat\/botiga\/wp-json\/wp\/v2\/media?parent=33076"}],"wp:term":[{"taxonomy":"product_cat","embeddable":true,"href":"https:\/\/www.vilaweb.cat\/botiga\/wp-json\/wp\/v2\/product_cat?post=33076"},{"taxonomy":"product_tag","embeddable":true,"href":"https:\/\/www.vilaweb.cat\/botiga\/wp-json\/wp\/v2\/product_tag?post=33076"}],"curies":[{"name":"wp","href":"https:\/\/api.w.org\/{rel}","templated":true}]}}