{"id":32808,"date":"2023-11-13T10:31:10","date_gmt":"2023-11-13T09:31:10","guid":{"rendered":"https:\/\/www.vilaweb.cat\/botiga\/?post_type=product&#038;p=32808"},"modified":"2026-01-03T13:40:12","modified_gmt":"2026-01-03T12:40:12","slug":"el-gran-llibre-de-limaginari-fantastic-catala","status":"publish","type":"product","link":"https:\/\/www.vilaweb.cat\/botiga\/producte\/el-gran-llibre-de-limaginari-fantastic-catala\/","title":{"rendered":"El gran llibre de l&#8217;imaginari fant\u00e0stic catal\u00e0"},"content":{"rendered":"<p>Despr\u00e9s d\u2019una d\u00e8cada d\u2019investigaci\u00f3 i creaci\u00f3 que els ha consagrat com els autors referents de la divulgaci\u00f3 de l\u2019imaginari fant\u00e0stic catal\u00e0, Joan de D\u00e9u Prats i Maria Padilla culminen la seva obra m\u00e9s ambiciosa: un atles fant\u00e0stic amb m\u00e9s d\u2019un centenar de criatures extraordin\u00e0ries que poblen el pa\u00eds de cap a cap. El m\u00e9s florit de cada casa. De l\u2019estrangulament fundacional dels Pirineus fins a les portes nostrades de la P\u00e0tria dels Morts, els catalans ens hem definit a trav\u00e9s d\u2019un c\u00famul de llegendes i sabers populars que la fren\u00e8tica vida moderna amena\u00e7a in\u00fatilment. Perqu\u00e8 la fortalesa dels somnis \u00e9s inexpugnable. Aquest llibre els endre\u00e7a amb el rigor de l\u2019arxiver i la lleugeresa i l\u2019amenitat del narrador de la vora del foc, i els posa cara i car\u00e0cter amb unes il\u00b7lustracions que s\u00f3n aut\u00e8ntiques obres d\u2019art.<\/p>\n","protected":false},"excerpt":{"rendered":"<p>EDITORIAL: Comanegra<br \/>\nISBN: 9788419590558<br \/>\nEDICI\u00d3: 1a<br \/>\nENQUADERNACI\u00d3: Tapa dura<br \/>\nFORMAT: 20 cm x 27 cm<br \/>\nP\u00c0GINES: 260<br \/>\nIDIOMA: Catal\u00e0<\/p>\n","protected":false},"featured_media":42600,"template":"","meta":[],"product_cat":[18,45],"product_tag":[],"_links":{"self":[{"href":"https:\/\/www.vilaweb.cat\/botiga\/wp-json\/wp\/v2\/product\/32808"}],"collection":[{"href":"https:\/\/www.vilaweb.cat\/botiga\/wp-json\/wp\/v2\/product"}],"about":[{"href":"https:\/\/www.vilaweb.cat\/botiga\/wp-json\/wp\/v2\/types\/product"}],"wp:featuredmedia":[{"embeddable":true,"href":"https:\/\/www.vilaweb.cat\/botiga\/wp-json\/wp\/v2\/media\/42600"}],"wp:attachment":[{"href":"https:\/\/www.vilaweb.cat\/botiga\/wp-json\/wp\/v2\/media?parent=32808"}],"wp:term":[{"taxonomy":"product_cat","embeddable":true,"href":"https:\/\/www.vilaweb.cat\/botiga\/wp-json\/wp\/v2\/product_cat?post=32808"},{"taxonomy":"product_tag","embeddable":true,"href":"https:\/\/www.vilaweb.cat\/botiga\/wp-json\/wp\/v2\/product_tag?post=32808"}],"curies":[{"name":"wp","href":"https:\/\/api.w.org\/{rel}","templated":true}]}}