{"id":3233,"date":"2019-06-04T10:58:53","date_gmt":"2019-06-04T08:58:53","guid":{"rendered":"https:\/\/www.vilaweb.cat\/botiga\/?post_type=product&#038;p=3233"},"modified":"2025-12-26T22:36:39","modified_gmt":"2025-12-26T21:36:39","slug":"samarreta-no-hi-ha-cami","status":"publish","type":"product","link":"https:\/\/www.vilaweb.cat\/botiga\/producte\/samarreta-no-hi-ha-cami\/","title":{"rendered":"Samarreta &#8216;No hi ha cam\u00ed&#8230;&#8217;"},"content":{"rendered":"","protected":false},"excerpt":{"rendered":"<p>Samarreta unisex color caqui de cot\u00f3 &#8216;No hi ha cam\u00ed per independ\u00e8ncia, la independ\u00e8ncia \u00e9s el cam\u00ed&#8217;.<\/p>\n","protected":false},"featured_media":3243,"template":"","meta":[],"product_cat":[421,284,286],"product_tag":[],"_links":{"self":[{"href":"https:\/\/www.vilaweb.cat\/botiga\/wp-json\/wp\/v2\/product\/3233"}],"collection":[{"href":"https:\/\/www.vilaweb.cat\/botiga\/wp-json\/wp\/v2\/product"}],"about":[{"href":"https:\/\/www.vilaweb.cat\/botiga\/wp-json\/wp\/v2\/types\/product"}],"wp:featuredmedia":[{"embeddable":true,"href":"https:\/\/www.vilaweb.cat\/botiga\/wp-json\/wp\/v2\/media\/3243"}],"wp:attachment":[{"href":"https:\/\/www.vilaweb.cat\/botiga\/wp-json\/wp\/v2\/media?parent=3233"}],"wp:term":[{"taxonomy":"product_cat","embeddable":true,"href":"https:\/\/www.vilaweb.cat\/botiga\/wp-json\/wp\/v2\/product_cat?post=3233"},{"taxonomy":"product_tag","embeddable":true,"href":"https:\/\/www.vilaweb.cat\/botiga\/wp-json\/wp\/v2\/product_tag?post=3233"}],"curies":[{"name":"wp","href":"https:\/\/api.w.org\/{rel}","templated":true}]}}