{"id":3095,"date":"2019-06-25T18:04:21","date_gmt":"2019-06-25T16:04:21","guid":{"rendered":"https:\/\/www.vilaweb.cat\/botiga\/?post_type=product&#038;p=3095"},"modified":"2025-12-17T17:16:20","modified_gmt":"2025-12-17T16:16:20","slug":"samarreta-noia-catala-ana","status":"publish","type":"product","link":"https:\/\/www.vilaweb.cat\/botiga\/producte\/samarreta-noia-catala-ana\/","title":{"rendered":"Samarreta entallada &#8216;Catal\u00e0 -ana&#8217;"},"content":{"rendered":"<p><strong>catal\u00e0 -ana<\/strong><\/p>\n<p>adj. i m. i f.<\/p>\n<p>Tothom qui es desperta ben d&#8217;hora, ben d&#8217;hora, ben d&#8217;hora, viu, estima o fot de les seves a Catalunya o als Pa\u00efsos Catalans. De Salses a Guardamar i de Fraga fins a Ma\u00f3. Tant se val d&#8217;on venim, si del sud o del nord. Li agrada la botifarra amb seques, els cargols, el pa amb tom\u00e0quet, el vi de la terra, les gambes, les anxoves, els carquinyolis, els panellets, el mat\u00f3, la crema catalana, el capipota i el xat\u00f3. \u00c9s capa\u00e7 d&#8217;aguantar estoicament el so de la gralla, tot suant la gota grossa en veure l&#8217;enxaneta al capdamunt dels castells o les torres dels falcons. Fa bessons amb espardenyes ballant jotes, sardanes, ball de cintes i de bastons. Aguanta sota un sol de just\u00edcia una jornada sencera de gegants, de capgrossos i processons. Riu mentre es crema el clatell sota el foc de les falles, de la flama i dels correfocs. Posa ciris a la Moreneta i idolatra un caganer. Ca\u00e7a llenegues, camagrocs i rovellons. Porta faixa i barretina i puja el Pedrafora tot xiulant la Santa Espina. S&#8217;emociona amb el folk, la rumba, el pop-rock catala i la nova can\u00e7\u00f3 i en sentir els Segadors defensa la seva terra tot fent caure espigues d&#8217;or. Canta rondalles, havaneres i fa garrotins mentre es fot un poti-poti de pomada, rom cremat, ratafia i moscatell. Despr\u00e9s d&#8217;estomacar un pobre tronc, fa la migdiada mentre veu Els Pastorets, amb la panxa ben plena d&#8217;escudella, carn d&#8217;olla, torrons i galets i de panses i de figues, de nous i d&#8217;olives. Ser catal\u00e0 -ana, mola si despr\u00e9s de menjar dos quilos de carxofes i cal\u00e7ots no has de c\u00f3rrer per anar de ventre i no et taques la samarra al beure amb porr\u00f3&#8230; encara mola m\u00e9s!<\/p>\n","protected":false},"excerpt":{"rendered":"<p>Samarreta entallada negra de cot\u00f3 &#8216;Catal\u00e0 -ana&#8217;.<\/p>\n","protected":false},"featured_media":3101,"template":"","meta":[],"product_cat":[421,284,287],"product_tag":[],"_links":{"self":[{"href":"https:\/\/www.vilaweb.cat\/botiga\/wp-json\/wp\/v2\/product\/3095"}],"collection":[{"href":"https:\/\/www.vilaweb.cat\/botiga\/wp-json\/wp\/v2\/product"}],"about":[{"href":"https:\/\/www.vilaweb.cat\/botiga\/wp-json\/wp\/v2\/types\/product"}],"wp:featuredmedia":[{"embeddable":true,"href":"https:\/\/www.vilaweb.cat\/botiga\/wp-json\/wp\/v2\/media\/3101"}],"wp:attachment":[{"href":"https:\/\/www.vilaweb.cat\/botiga\/wp-json\/wp\/v2\/media?parent=3095"}],"wp:term":[{"taxonomy":"product_cat","embeddable":true,"href":"https:\/\/www.vilaweb.cat\/botiga\/wp-json\/wp\/v2\/product_cat?post=3095"},{"taxonomy":"product_tag","embeddable":true,"href":"https:\/\/www.vilaweb.cat\/botiga\/wp-json\/wp\/v2\/product_tag?post=3095"}],"curies":[{"name":"wp","href":"https:\/\/api.w.org\/{rel}","templated":true}]}}