{"id":3087,"date":"2019-06-25T17:59:33","date_gmt":"2019-06-25T15:59:33","guid":{"rendered":"https:\/\/www.vilaweb.cat\/botiga\/?post_type=product&#038;p=3087"},"modified":"2025-10-05T11:10:32","modified_gmt":"2025-10-05T09:10:32","slug":"samarreta-noia-ni-keep-calm","status":"publish","type":"product","link":"https:\/\/www.vilaweb.cat\/botiga\/producte\/samarreta-noia-ni-keep-calm\/","title":{"rendered":"Samarreta entallada &#8216;Ni keep calm&#8230;&#8217;"},"content":{"rendered":"","protected":false},"excerpt":{"rendered":"<p>Samarreta entallada negra de cot\u00f3 &#8216;Ni keep calm ni h\u00f2sties, Independ\u00e8ncia!&#8217;<\/p>\n","protected":false},"featured_media":3094,"template":"","meta":[],"product_cat":[421,284,287],"product_tag":[],"_links":{"self":[{"href":"https:\/\/www.vilaweb.cat\/botiga\/wp-json\/wp\/v2\/product\/3087"}],"collection":[{"href":"https:\/\/www.vilaweb.cat\/botiga\/wp-json\/wp\/v2\/product"}],"about":[{"href":"https:\/\/www.vilaweb.cat\/botiga\/wp-json\/wp\/v2\/types\/product"}],"wp:featuredmedia":[{"embeddable":true,"href":"https:\/\/www.vilaweb.cat\/botiga\/wp-json\/wp\/v2\/media\/3094"}],"wp:attachment":[{"href":"https:\/\/www.vilaweb.cat\/botiga\/wp-json\/wp\/v2\/media?parent=3087"}],"wp:term":[{"taxonomy":"product_cat","embeddable":true,"href":"https:\/\/www.vilaweb.cat\/botiga\/wp-json\/wp\/v2\/product_cat?post=3087"},{"taxonomy":"product_tag","embeddable":true,"href":"https:\/\/www.vilaweb.cat\/botiga\/wp-json\/wp\/v2\/product_tag?post=3087"}],"curies":[{"name":"wp","href":"https:\/\/api.w.org\/{rel}","templated":true}]}}