{"id":30689,"date":"2023-06-23T13:11:55","date_gmt":"2023-06-23T11:11:55","guid":{"rendered":"https:\/\/www.vilaweb.cat\/botiga\/?post_type=product&#038;p=30689"},"modified":"2026-04-01T16:56:32","modified_gmt":"2026-04-01T14:56:32","slug":"samarreta-vermut-o-barbarie","status":"publish","type":"product","link":"https:\/\/www.vilaweb.cat\/botiga\/producte\/samarreta-vermut-o-barbarie\/","title":{"rendered":"Samarreta Vermut o barb\u00e0rie"},"content":{"rendered":"","protected":false},"excerpt":{"rendered":"<p><span style=\"font-weight: 400;\">Anar a &#8220;fer el vermut&#8221;, un costum que no podem perdre!<\/span><\/p>\n<p><span style=\"font-weight: 400;\">Si els caps de setmana no pogu\u00e9ssim anar amb els amics o la fam\u00edlia, a una terrassa, a petar la xerrada i &#8220;fer el vermut&#8221;, seria una barb\u00e0rie!<\/span><\/p>\n<p>&nbsp;<\/p>\n<p><span style=\"font-weight: 400;\">\u00c9s de cot\u00f3 100%<\/span><span style=\"font-weight: 400;\">, <\/span><span style=\"font-weight: 400;\">de punt llis, 165 g\/m\u00b2.<\/span><\/p>\n<p><span style=\"font-weight: 400;\">La trobeu disponible en dos colors; en blanc, i en negre.<\/span><\/p>\n","protected":false},"featured_media":30692,"template":"","meta":[],"product_cat":[284,286],"product_tag":[],"_links":{"self":[{"href":"https:\/\/www.vilaweb.cat\/botiga\/wp-json\/wp\/v2\/product\/30689"}],"collection":[{"href":"https:\/\/www.vilaweb.cat\/botiga\/wp-json\/wp\/v2\/product"}],"about":[{"href":"https:\/\/www.vilaweb.cat\/botiga\/wp-json\/wp\/v2\/types\/product"}],"wp:featuredmedia":[{"embeddable":true,"href":"https:\/\/www.vilaweb.cat\/botiga\/wp-json\/wp\/v2\/media\/30692"}],"wp:attachment":[{"href":"https:\/\/www.vilaweb.cat\/botiga\/wp-json\/wp\/v2\/media?parent=30689"}],"wp:term":[{"taxonomy":"product_cat","embeddable":true,"href":"https:\/\/www.vilaweb.cat\/botiga\/wp-json\/wp\/v2\/product_cat?post=30689"},{"taxonomy":"product_tag","embeddable":true,"href":"https:\/\/www.vilaweb.cat\/botiga\/wp-json\/wp\/v2\/product_tag?post=30689"}],"curies":[{"name":"wp","href":"https:\/\/api.w.org\/{rel}","templated":true}]}}