{"id":30530,"date":"2023-06-14T11:13:24","date_gmt":"2023-06-14T09:13:24","guid":{"rendered":"https:\/\/www.vilaweb.cat\/botiga\/?post_type=product&#038;p=30530"},"modified":"2026-01-05T12:57:17","modified_gmt":"2026-01-05T11:57:17","slug":"lesmolet","status":"publish","type":"product","link":"https:\/\/www.vilaweb.cat\/botiga\/producte\/lesmolet\/","title":{"rendered":"L\u2019esmolet"},"content":{"rendered":"<p><i><span style=\"font-weight: 400;\">L\u2019esmolet<\/span><\/i><span style=\"font-weight: 400;\"> \u00e9s un joc de 81 cartes amb 30 personatges diferents que representen oficis actuals i tradicionals.\u00a0<\/span><\/p>\n<p><span style=\"font-weight: 400;\">Amb una mec\u00e0nica molt senzilla, grans i petits descobriran com arribar al final de la partida amb el m\u00e0xim de puntuaci\u00f3. L\u2019esmolet ser\u00e0 l\u2019encarregat d\u2019afilar les eines dels personatges que haurem guardat estrat\u00e8gicament fins al final.\u00a0<\/span><\/p>\n<p>&nbsp;<\/p>\n<p><span style=\"font-weight: 400;\">Nombre de participants: de 2 a 5 jugadors<\/span><\/p>\n<p><span style=\"font-weight: 400;\">Edat: A partir de 7 anys<\/span><\/p>\n<p><span style=\"font-weight: 400;\">Durada de la partida: entre 10 i 30 minuts<\/span><\/p>\n","protected":false},"excerpt":{"rendered":"<p><b>Saps qui era la llatadora? I el cam\u00e0lic? O el calafat?<\/b><\/p>\n<p><span style=\"font-weight: 400;\">Un joc r\u00e0pid i divertit, per millorar l\u2019aprenentatge de l\u2019\u00e0mbit l\u00f2gic i matem\u00e0tic, i valorar el teixit comercial que ha format i continua formant part a les nostres vides.\u00a0<\/span><\/p>\n<p>&nbsp;<\/p>\n","protected":false},"featured_media":30533,"template":"","meta":[],"product_cat":[307,59,58,102],"product_tag":[],"_links":{"self":[{"href":"https:\/\/www.vilaweb.cat\/botiga\/wp-json\/wp\/v2\/product\/30530"}],"collection":[{"href":"https:\/\/www.vilaweb.cat\/botiga\/wp-json\/wp\/v2\/product"}],"about":[{"href":"https:\/\/www.vilaweb.cat\/botiga\/wp-json\/wp\/v2\/types\/product"}],"wp:featuredmedia":[{"embeddable":true,"href":"https:\/\/www.vilaweb.cat\/botiga\/wp-json\/wp\/v2\/media\/30533"}],"wp:attachment":[{"href":"https:\/\/www.vilaweb.cat\/botiga\/wp-json\/wp\/v2\/media?parent=30530"}],"wp:term":[{"taxonomy":"product_cat","embeddable":true,"href":"https:\/\/www.vilaweb.cat\/botiga\/wp-json\/wp\/v2\/product_cat?post=30530"},{"taxonomy":"product_tag","embeddable":true,"href":"https:\/\/www.vilaweb.cat\/botiga\/wp-json\/wp\/v2\/product_tag?post=30530"}],"curies":[{"name":"wp","href":"https:\/\/api.w.org\/{rel}","templated":true}]}}