{"id":30258,"date":"2023-05-23T13:59:15","date_gmt":"2023-05-23T11:59:15","guid":{"rendered":"https:\/\/www.vilaweb.cat\/botiga\/?post_type=product&#038;p=30258"},"modified":"2025-12-18T22:35:36","modified_gmt":"2025-12-18T21:35:36","slug":"calcetes-abelles","status":"publish","type":"product","link":"https:\/\/www.vilaweb.cat\/botiga\/producte\/calcetes-abelles\/","title":{"rendered":"Calcetes Abelles"},"content":{"rendered":"","protected":false},"excerpt":{"rendered":"<p><span style=\"font-weight: 400;\">Els insectes tamb\u00e9 diuen all\u00f2 de &#8220;som el que mengem&#8221;? No els ho preguntis a\u00a0 \u00a0 \u00a0 aquestes abelles, que van prou enfeinades.<\/span><\/p>\n<p><span style=\"font-weight: 400;\">-Confeccionat en poliamida<\/span><\/p>\n<p><span style=\"font-weight: 400;\">-Es presenten en una caixa simp\u00e0tica, perqu\u00e8 sigui un regal m\u00e9s rodonet.<\/span><\/p>\n","protected":false},"featured_media":30264,"template":"","meta":[],"product_cat":[350,62,421],"product_tag":[],"_links":{"self":[{"href":"https:\/\/www.vilaweb.cat\/botiga\/wp-json\/wp\/v2\/product\/30258"}],"collection":[{"href":"https:\/\/www.vilaweb.cat\/botiga\/wp-json\/wp\/v2\/product"}],"about":[{"href":"https:\/\/www.vilaweb.cat\/botiga\/wp-json\/wp\/v2\/types\/product"}],"wp:featuredmedia":[{"embeddable":true,"href":"https:\/\/www.vilaweb.cat\/botiga\/wp-json\/wp\/v2\/media\/30264"}],"wp:attachment":[{"href":"https:\/\/www.vilaweb.cat\/botiga\/wp-json\/wp\/v2\/media?parent=30258"}],"wp:term":[{"taxonomy":"product_cat","embeddable":true,"href":"https:\/\/www.vilaweb.cat\/botiga\/wp-json\/wp\/v2\/product_cat?post=30258"},{"taxonomy":"product_tag","embeddable":true,"href":"https:\/\/www.vilaweb.cat\/botiga\/wp-json\/wp\/v2\/product_tag?post=30258"}],"curies":[{"name":"wp","href":"https:\/\/api.w.org\/{rel}","templated":true}]}}