{"id":28561,"date":"2023-02-02T11:01:12","date_gmt":"2023-02-02T10:01:12","guid":{"rendered":"https:\/\/www.vilaweb.cat\/botiga\/?post_type=product&#038;p=28561"},"modified":"2026-03-04T10:27:46","modified_gmt":"2026-03-04T09:27:46","slug":"cabas-texa","status":"publish","type":"product","link":"https:\/\/www.vilaweb.cat\/botiga\/producte\/cabas-texa\/","title":{"rendered":"Cab\u00e0s tex\u00e0"},"content":{"rendered":"","protected":false},"excerpt":{"rendered":"<p>Cab\u00e0s catal\u00e0 dissenyat a partir del nostre tradicional teixit de farcell i combinat amb roba texana. Porta una butxaca interior. I la cinta bandolera, quan calgui, es pot treure o posar.<\/p>\n<p>Mida: 46 x 32 x 13 cm<\/p>\n<p>Producte fabricat i dissenyat a Catalunya.<\/p>\n","protected":false},"featured_media":30283,"template":"","meta":[],"product_cat":[293,335,62,307,102,212],"product_tag":[],"_links":{"self":[{"href":"https:\/\/www.vilaweb.cat\/botiga\/wp-json\/wp\/v2\/product\/28561"}],"collection":[{"href":"https:\/\/www.vilaweb.cat\/botiga\/wp-json\/wp\/v2\/product"}],"about":[{"href":"https:\/\/www.vilaweb.cat\/botiga\/wp-json\/wp\/v2\/types\/product"}],"wp:featuredmedia":[{"embeddable":true,"href":"https:\/\/www.vilaweb.cat\/botiga\/wp-json\/wp\/v2\/media\/30283"}],"wp:attachment":[{"href":"https:\/\/www.vilaweb.cat\/botiga\/wp-json\/wp\/v2\/media?parent=28561"}],"wp:term":[{"taxonomy":"product_cat","embeddable":true,"href":"https:\/\/www.vilaweb.cat\/botiga\/wp-json\/wp\/v2\/product_cat?post=28561"},{"taxonomy":"product_tag","embeddable":true,"href":"https:\/\/www.vilaweb.cat\/botiga\/wp-json\/wp\/v2\/product_tag?post=28561"}],"curies":[{"name":"wp","href":"https:\/\/api.w.org\/{rel}","templated":true}]}}