{"id":28491,"date":"2023-01-31T16:31:44","date_gmt":"2023-01-31T15:31:44","guid":{"rendered":"https:\/\/www.vilaweb.cat\/botiga\/?post_type=product&#038;p=28491"},"modified":"2025-12-23T19:17:53","modified_gmt":"2025-12-23T18:17:53","slug":"dessuadora-donec-perficiam-2","status":"publish","type":"product","link":"https:\/\/www.vilaweb.cat\/botiga\/producte\/dessuadora-donec-perficiam-2\/","title":{"rendered":"Dessuadora Donec Perficiam"},"content":{"rendered":"","protected":false},"excerpt":{"rendered":"<p>Dessuadora amb el lema llat\u00ed Donec perficiam que, en llat\u00ed, vol dir \u2018<strong>fins a aconseguir-ho<\/strong>\u2019. Era utilitzat durant la guerra de Successi\u00f3 per les Reials Gu\u00e0rdies Catalanes, amb el sentit que mai no es rendirien sin\u00f3 que persistirien fins a guanyar.<\/p>\n","protected":false},"featured_media":28498,"template":"","meta":[],"product_cat":[289,421,284],"product_tag":[],"_links":{"self":[{"href":"https:\/\/www.vilaweb.cat\/botiga\/wp-json\/wp\/v2\/product\/28491"}],"collection":[{"href":"https:\/\/www.vilaweb.cat\/botiga\/wp-json\/wp\/v2\/product"}],"about":[{"href":"https:\/\/www.vilaweb.cat\/botiga\/wp-json\/wp\/v2\/types\/product"}],"wp:featuredmedia":[{"embeddable":true,"href":"https:\/\/www.vilaweb.cat\/botiga\/wp-json\/wp\/v2\/media\/28498"}],"wp:attachment":[{"href":"https:\/\/www.vilaweb.cat\/botiga\/wp-json\/wp\/v2\/media?parent=28491"}],"wp:term":[{"taxonomy":"product_cat","embeddable":true,"href":"https:\/\/www.vilaweb.cat\/botiga\/wp-json\/wp\/v2\/product_cat?post=28491"},{"taxonomy":"product_tag","embeddable":true,"href":"https:\/\/www.vilaweb.cat\/botiga\/wp-json\/wp\/v2\/product_tag?post=28491"}],"curies":[{"name":"wp","href":"https:\/\/api.w.org\/{rel}","templated":true}]}}