{"id":28362,"date":"2023-01-20T17:15:16","date_gmt":"2023-01-20T16:15:16","guid":{"rendered":"https:\/\/www.vilaweb.cat\/botiga\/?post_type=product&#038;p=28362"},"modified":"2024-02-29T13:51:25","modified_gmt":"2024-02-29T12:51:25","slug":"el-trencadis-de-collserola","status":"publish","type":"product","link":"https:\/\/www.vilaweb.cat\/botiga\/producte\/el-trencadis-de-collserola\/","title":{"rendered":"El Trencad\u00eds de Collserola"},"content":{"rendered":"<p><em>El Trencad\u00eds de Collserola<\/em> \u00e9s un clam, una reflexi\u00f3 sobre el binomi identitat cultural i cohesi\u00f3 social: l&#8217;equitat cultural. Sempre en clau dels drets de les persones i els pobles, un altre binomi inseparable. L&#8217;art relliga els binomis i fa d&#8217;altaveu reivindicant els beneficis que produeix la democratitzaci\u00f3 de l&#8217;art i la bellesa.<\/p>\n<p>Quan la cultura revesteix els barris o els pobles de patrimoni art\u00edstic o hist\u00f2ric -com en el cas del El Trencad\u00eds de Collserola- aquest vestit t\u00e9 una funci\u00f3 essencial, com la t\u00e9 la nostra llengua: dotar-nos dels referents propis que ens identifiquen i ens cohesionen com a poble.<\/p>\n<p>Els germans <strong>Noem\u00ed i Bernat Rocabert Argila<\/strong>, ella mestre i ell pintor, ens expliquen l&#8217;univers imaginari que van crear ple de referents culturals catalans i universals, tot utilitzant la t\u00e8cnica del trencad\u00eds al mur del passatge de les Escoles Mestre Morera i Aq\u00fceducte (d&#8217;uns 70 metres lineals) a Barcelona: En Paff i els seus amics, emprenen una passejada pel patrimoni hist\u00f2ric del barri. Tamb\u00e9 recullen les viv\u00e8ncies dels adults i dels infants que hi participen.<\/p>\n<p>Els autors -amb experi\u00e8ncia de processos de creaci\u00f3 col\u00b7lectiva- expressen amb el llibre l&#8217;agra\u00efment que rebien en fer el Trencad\u00eds i les ganes que Barcelona reconegui activament el potencial ciutad\u00e0 i el patrimoni hist\u00f2ric de la seva Zona Nord.<\/p>\n","protected":false},"excerpt":{"rendered":"<p>Un llibre que explica la hist\u00f2ria del Trencad\u00eds de Collserola, on la cultura popular converteix un espai gris en un de bellesa i dignitat. <strong>Una acci\u00f3 per l\u2019equitat cultural.<\/strong><\/p>\n<p>Any d\u2019edici\u00f3:  2022<br \/>\nIdioma: catal\u00e0<br \/>\nN\u00fam. de p\u00e0gines: 96<br \/>\nISBN: 9788486441180<br \/>\nEnquadernaci\u00f3: r\u00fastica<\/p>\n","protected":false},"featured_media":28363,"template":"","meta":[],"product_cat":[45,18],"product_tag":[],"_links":{"self":[{"href":"https:\/\/www.vilaweb.cat\/botiga\/wp-json\/wp\/v2\/product\/28362"}],"collection":[{"href":"https:\/\/www.vilaweb.cat\/botiga\/wp-json\/wp\/v2\/product"}],"about":[{"href":"https:\/\/www.vilaweb.cat\/botiga\/wp-json\/wp\/v2\/types\/product"}],"wp:featuredmedia":[{"embeddable":true,"href":"https:\/\/www.vilaweb.cat\/botiga\/wp-json\/wp\/v2\/media\/28363"}],"wp:attachment":[{"href":"https:\/\/www.vilaweb.cat\/botiga\/wp-json\/wp\/v2\/media?parent=28362"}],"wp:term":[{"taxonomy":"product_cat","embeddable":true,"href":"https:\/\/www.vilaweb.cat\/botiga\/wp-json\/wp\/v2\/product_cat?post=28362"},{"taxonomy":"product_tag","embeddable":true,"href":"https:\/\/www.vilaweb.cat\/botiga\/wp-json\/wp\/v2\/product_tag?post=28362"}],"curies":[{"name":"wp","href":"https:\/\/api.w.org\/{rel}","templated":true}]}}