{"id":21939,"date":"2021-12-07T12:34:02","date_gmt":"2021-12-07T11:34:02","guid":{"rendered":"https:\/\/www.vilaweb.cat\/botiga\/?post_type=product&#038;p=21939"},"modified":"2026-03-14T12:27:14","modified_gmt":"2026-03-14T11:27:14","slug":"ubongo","status":"publish","type":"product","link":"https:\/\/www.vilaweb.cat\/botiga\/producte\/ubongo\/","title":{"rendered":"Ubongo"},"content":{"rendered":"<p>2-4 jugadors<\/p>\n<p>Durada de la partida 30min<\/p>\n<p>A partir de 8 anys<\/p>\n","protected":false},"excerpt":{"rendered":"<p>Trepidant! Perqu\u00e8 tots els jugadors intenten encaixar les peces en la seva plantilla simult\u00e0niament.<\/p>\n<p>Addictiu! Perqu\u00e8 quan comences ja no podr\u00e0s parar i esperar\u00e0s impacient cada nova ronda.<\/p>\n<p>Ingeni\u00f3s! Perqu\u00e8 les normes d&#8217;Ubongo s&#8217;expliquen en un obrir i tancar d&#8217;ulls.<\/p>\n","protected":false},"featured_media":21940,"template":"","meta":[],"product_cat":[59],"product_tag":[],"_links":{"self":[{"href":"https:\/\/www.vilaweb.cat\/botiga\/wp-json\/wp\/v2\/product\/21939"}],"collection":[{"href":"https:\/\/www.vilaweb.cat\/botiga\/wp-json\/wp\/v2\/product"}],"about":[{"href":"https:\/\/www.vilaweb.cat\/botiga\/wp-json\/wp\/v2\/types\/product"}],"wp:featuredmedia":[{"embeddable":true,"href":"https:\/\/www.vilaweb.cat\/botiga\/wp-json\/wp\/v2\/media\/21940"}],"wp:attachment":[{"href":"https:\/\/www.vilaweb.cat\/botiga\/wp-json\/wp\/v2\/media?parent=21939"}],"wp:term":[{"taxonomy":"product_cat","embeddable":true,"href":"https:\/\/www.vilaweb.cat\/botiga\/wp-json\/wp\/v2\/product_cat?post=21939"},{"taxonomy":"product_tag","embeddable":true,"href":"https:\/\/www.vilaweb.cat\/botiga\/wp-json\/wp\/v2\/product_tag?post=21939"}],"curies":[{"name":"wp","href":"https:\/\/api.w.org\/{rel}","templated":true}]}}