{"id":21916,"date":"2021-12-03T17:51:28","date_gmt":"2021-12-03T16:51:28","guid":{"rendered":"https:\/\/www.vilaweb.cat\/botiga\/?post_type=product&#038;p=21916"},"modified":"2026-01-07T18:22:33","modified_gmt":"2026-01-07T17:22:33","slug":"barretina-loriginal-nadons","status":"publish","type":"product","link":"https:\/\/www.vilaweb.cat\/botiga\/producte\/barretina-loriginal-nadons\/","title":{"rendered":"Barretina &#8216;L&#8217;original&#8217; &#8211; nadons"},"content":{"rendered":"","protected":false},"excerpt":{"rendered":"<p>Es tracta d\u2019una barretina de doble cairell teixida amb Dral\u00f3, una fibra molt lleugera i transpirable, de caracter\u00edstiques semblants al cot\u00f3.<\/p>\n<p>La talla 0 (nad\u00f3 0\/2 anys) t\u00e9 unes mides de 19cm d\u2019ample i 23cm llarg (amb la gira).<\/p>\n","protected":false},"featured_media":21914,"template":"","meta":[],"product_cat":[37,62],"product_tag":[],"_links":{"self":[{"href":"https:\/\/www.vilaweb.cat\/botiga\/wp-json\/wp\/v2\/product\/21916"}],"collection":[{"href":"https:\/\/www.vilaweb.cat\/botiga\/wp-json\/wp\/v2\/product"}],"about":[{"href":"https:\/\/www.vilaweb.cat\/botiga\/wp-json\/wp\/v2\/types\/product"}],"wp:featuredmedia":[{"embeddable":true,"href":"https:\/\/www.vilaweb.cat\/botiga\/wp-json\/wp\/v2\/media\/21914"}],"wp:attachment":[{"href":"https:\/\/www.vilaweb.cat\/botiga\/wp-json\/wp\/v2\/media?parent=21916"}],"wp:term":[{"taxonomy":"product_cat","embeddable":true,"href":"https:\/\/www.vilaweb.cat\/botiga\/wp-json\/wp\/v2\/product_cat?post=21916"},{"taxonomy":"product_tag","embeddable":true,"href":"https:\/\/www.vilaweb.cat\/botiga\/wp-json\/wp\/v2\/product_tag?post=21916"}],"curies":[{"name":"wp","href":"https:\/\/api.w.org\/{rel}","templated":true}]}}