{"id":1969,"date":"2019-01-23T19:03:48","date_gmt":"2019-01-23T18:03:48","guid":{"rendered":"https:\/\/www.vilaweb.cat\/botiga\/?post_type=product&#038;p=1969"},"modified":"2026-01-05T17:32:53","modified_gmt":"2026-01-05T16:32:53","slug":"polsera-llibertat-i-llac-groc","status":"publish","type":"product","link":"https:\/\/www.vilaweb.cat\/botiga\/producte\/polsera-llibertat-i-llac-groc\/","title":{"rendered":"Polsera Llibertat i lla\u00e7 groc"},"content":{"rendered":"","protected":false},"excerpt":{"rendered":"<p>Polsera de silicona amb la inscripci\u00f3 llibertat i amb el lla\u00e7 groc. Es venen individualment.<\/p>\n<p>Mida: 6 cm de di\u00e0metre aprox.<\/p>\n","protected":false},"featured_media":1970,"template":"","meta":[],"product_cat":[295,62],"product_tag":[],"_links":{"self":[{"href":"https:\/\/www.vilaweb.cat\/botiga\/wp-json\/wp\/v2\/product\/1969"}],"collection":[{"href":"https:\/\/www.vilaweb.cat\/botiga\/wp-json\/wp\/v2\/product"}],"about":[{"href":"https:\/\/www.vilaweb.cat\/botiga\/wp-json\/wp\/v2\/types\/product"}],"wp:featuredmedia":[{"embeddable":true,"href":"https:\/\/www.vilaweb.cat\/botiga\/wp-json\/wp\/v2\/media\/1970"}],"wp:attachment":[{"href":"https:\/\/www.vilaweb.cat\/botiga\/wp-json\/wp\/v2\/media?parent=1969"}],"wp:term":[{"taxonomy":"product_cat","embeddable":true,"href":"https:\/\/www.vilaweb.cat\/botiga\/wp-json\/wp\/v2\/product_cat?post=1969"},{"taxonomy":"product_tag","embeddable":true,"href":"https:\/\/www.vilaweb.cat\/botiga\/wp-json\/wp\/v2\/product_tag?post=1969"}],"curies":[{"name":"wp","href":"https:\/\/api.w.org\/{rel}","templated":true}]}}