{"id":1808,"date":"2018-12-29T19:45:49","date_gmt":"2018-12-29T18:45:49","guid":{"rendered":"https:\/\/www.vilaweb.cat\/botiga\/?post_type=product&#038;p=1808"},"modified":"2026-02-22T11:15:50","modified_gmt":"2026-02-22T10:15:50","slug":"codi-secret","status":"publish","type":"product","link":"https:\/\/www.vilaweb.cat\/botiga\/producte\/codi-secret\/","title":{"rendered":"Codi secret"},"content":{"rendered":"<p>Joc de taula per a nens a partir de 10 anys.<br \/>\nDurada aproximada de 15 minuts.<\/p>\n","protected":false},"excerpt":{"rendered":"<p>En aquest joc del reconegut autor Vlaada Chv\u00e1til, nom\u00e9s els caps dels espies sabran quines paraules corresponen als seus agents. La resta de l\u2019equip els haur\u00e0 de trobar \u00fanicament amb pistes compostes per un mot i una xifra, per\u00f2 hauran d\u2019evitar assenyalar les paraules de l\u2019equip rival i, sobretot, l\u2019assass\u00ed.<\/p>\n","protected":false},"featured_media":1809,"template":"","meta":[],"product_cat":[59,58],"product_tag":[],"_links":{"self":[{"href":"https:\/\/www.vilaweb.cat\/botiga\/wp-json\/wp\/v2\/product\/1808"}],"collection":[{"href":"https:\/\/www.vilaweb.cat\/botiga\/wp-json\/wp\/v2\/product"}],"about":[{"href":"https:\/\/www.vilaweb.cat\/botiga\/wp-json\/wp\/v2\/types\/product"}],"wp:featuredmedia":[{"embeddable":true,"href":"https:\/\/www.vilaweb.cat\/botiga\/wp-json\/wp\/v2\/media\/1809"}],"wp:attachment":[{"href":"https:\/\/www.vilaweb.cat\/botiga\/wp-json\/wp\/v2\/media?parent=1808"}],"wp:term":[{"taxonomy":"product_cat","embeddable":true,"href":"https:\/\/www.vilaweb.cat\/botiga\/wp-json\/wp\/v2\/product_cat?post=1808"},{"taxonomy":"product_tag","embeddable":true,"href":"https:\/\/www.vilaweb.cat\/botiga\/wp-json\/wp\/v2\/product_tag?post=1808"}],"curies":[{"name":"wp","href":"https:\/\/api.w.org\/{rel}","templated":true}]}}