{"id":17986,"date":"2020-12-23T19:21:47","date_gmt":"2020-12-23T18:21:47","guid":{"rendered":"https:\/\/www.vilaweb.cat\/botiga\/?post_type=product&#038;p=17986"},"modified":"2025-07-03T11:51:12","modified_gmt":"2025-07-03T09:51:12","slug":"disc-sa-tanca-dalla-dins-meritxell-gene","status":"publish","type":"product","link":"https:\/\/www.vilaweb.cat\/botiga\/producte\/disc-sa-tanca-dalla-dins-meritxell-gene\/","title":{"rendered":"Vinil Sa tanca d&#8217;all\u00e0 dins &#8211; Meritxell Gen\u00e9"},"content":{"rendered":"","protected":false},"excerpt":{"rendered":"<p>Disc en vinil <strong><em>Sa tanca d&#8217;all\u00e0 dins<\/em><\/strong>, de Meritxell Gen\u00e9<\/p>\n<p>Portada creada per l\u2019artista Jordi Pag\u00e8s, el concepte gr\u00e0fic de N\u00faria Vila i el disseny de producte de Ricard Ibernon.<\/p>\n<ol>\n<li>Cos endins<\/li>\n<li>Llit petit<\/li>\n<li>Esquizofr\u00e8nia<\/li>\n<li>Molt tard<\/li>\n<li>Fugida<\/li>\n<li>Desconegut<\/li>\n<li>Magrana<\/li>\n<\/ol>\n","protected":false},"featured_media":17987,"template":"","meta":[],"product_cat":[165],"product_tag":[],"_links":{"self":[{"href":"https:\/\/www.vilaweb.cat\/botiga\/wp-json\/wp\/v2\/product\/17986"}],"collection":[{"href":"https:\/\/www.vilaweb.cat\/botiga\/wp-json\/wp\/v2\/product"}],"about":[{"href":"https:\/\/www.vilaweb.cat\/botiga\/wp-json\/wp\/v2\/types\/product"}],"wp:featuredmedia":[{"embeddable":true,"href":"https:\/\/www.vilaweb.cat\/botiga\/wp-json\/wp\/v2\/media\/17987"}],"wp:attachment":[{"href":"https:\/\/www.vilaweb.cat\/botiga\/wp-json\/wp\/v2\/media?parent=17986"}],"wp:term":[{"taxonomy":"product_cat","embeddable":true,"href":"https:\/\/www.vilaweb.cat\/botiga\/wp-json\/wp\/v2\/product_cat?post=17986"},{"taxonomy":"product_tag","embeddable":true,"href":"https:\/\/www.vilaweb.cat\/botiga\/wp-json\/wp\/v2\/product_tag?post=17986"}],"curies":[{"name":"wp","href":"https:\/\/api.w.org\/{rel}","templated":true}]}}