{"id":16820,"date":"2020-12-01T11:09:17","date_gmt":"2020-12-01T10:09:17","guid":{"rendered":"https:\/\/www.vilaweb.cat\/botiga\/?post_type=product&#038;p=16820"},"modified":"2026-04-23T16:12:43","modified_gmt":"2026-04-23T14:12:43","slug":"mapa-ballester-dels-paisos-catalans","status":"publish","type":"product","link":"https:\/\/www.vilaweb.cat\/botiga\/producte\/mapa-ballester-dels-paisos-catalans\/","title":{"rendered":"Mapa Ballester dels Pa\u00efsos Catalans"},"content":{"rendered":"<p><b>La Fundaci\u00f3 Reeixida reedita el mapa de Joan Ballester dels Pa\u00efsos Catalans<\/b><\/p>\n<p>El mapa dels Pa\u00efsos Catalans de Joan Ballester i Canals \u00e9s hereu d\u2019una altra imatge de 1932 feta per l\u2019organitzaci\u00f3 Palestra (1930-1938), amb el subt\u00edtol de &#8220;La nostra p\u00e0tria&#8221;. Trenta anys m\u00e9s tard, el 1962, s\u2019editava una primera versi\u00f3 del popular mapa, amb la divisi\u00f3 comarcal. El 1971 s\u2019edit\u00e0 la segona i definitiva versi\u00f3.<\/p>\n<p><b>Format de 70cm x 50cm, amb paper &#8220;Symbol Tatami&#8221; de 150 grams i amb el disseny original de l\u2019edici\u00f3 de 1971.<\/b><\/p>\n<p>Arrel d\u2019una den\u00fancia contra l\u2019exhibici\u00f3 i venda del mapa, el franquisme va decidir multar Ballester per propaganda il\u00b7legal i condemnar-lo a cinc anys de pres\u00f3, convertits, finalment, en tres mesos i vint dies que pass\u00e0 a la pres\u00f3 Model de Barcelona. Amb tot, el mapa fou reeditat diverses vegades amb grans tiratges i es convert\u00ed en un referent per a diverses generacions. L\u2019escriptor Joan Fuster digu\u00e9 d\u2019aquest obra: &#8220;La maniobra m\u00e9s efica\u00e7 mai feta pels Pa\u00efsos Catalans&#8221;.<\/p>\n","protected":false},"excerpt":{"rendered":"<p><strong>Mapa comarcal dels Pa\u00efsos Catalans<\/strong><\/p>\n<p>Reedici\u00f3 del mapa de Joan Ballester<\/p>\n<p>Mida: 50 x 70cm<\/p>\n","protected":false},"featured_media":16821,"template":"","meta":[],"product_cat":[306,93],"product_tag":[],"_links":{"self":[{"href":"https:\/\/www.vilaweb.cat\/botiga\/wp-json\/wp\/v2\/product\/16820"}],"collection":[{"href":"https:\/\/www.vilaweb.cat\/botiga\/wp-json\/wp\/v2\/product"}],"about":[{"href":"https:\/\/www.vilaweb.cat\/botiga\/wp-json\/wp\/v2\/types\/product"}],"wp:featuredmedia":[{"embeddable":true,"href":"https:\/\/www.vilaweb.cat\/botiga\/wp-json\/wp\/v2\/media\/16821"}],"wp:attachment":[{"href":"https:\/\/www.vilaweb.cat\/botiga\/wp-json\/wp\/v2\/media?parent=16820"}],"wp:term":[{"taxonomy":"product_cat","embeddable":true,"href":"https:\/\/www.vilaweb.cat\/botiga\/wp-json\/wp\/v2\/product_cat?post=16820"},{"taxonomy":"product_tag","embeddable":true,"href":"https:\/\/www.vilaweb.cat\/botiga\/wp-json\/wp\/v2\/product_tag?post=16820"}],"curies":[{"name":"wp","href":"https:\/\/api.w.org\/{rel}","templated":true}]}}

Mapa Ballester dels Països Catalans

<p><b>La Fundació Reeixida reedita el mapa de Joan Ballester dels Països Catalans</b></p>
<p>El mapa dels Països Catalans de Joan Ballester i Canals és hereu d’una altra imatge de 1932 feta per l’organització Palestra (1930-1938), amb el subtítol de &#8220;La nostra pàtria&#8221;. Trenta anys més tard, el 1962, s’editava una primera versió del popular mapa, amb la divisió comarcal. El 1971 s’edità la segona i definitiva versió.</p>
<p><b>Format de 70cm x 50cm, amb paper &#8220;Symbol Tatami&#8221; de 150 grams i amb el disseny original de l’edició de 1971.</b></p>
<p>Arrel d’una denúncia contra l’exhibició i venda del mapa, el franquisme va decidir multar Ballester per propaganda il·legal i condemnar-lo a cinc anys de presó, convertits, finalment, en tres mesos i vint dies que passà a la presó Model de Barcelona. Amb tot, el mapa fou reeditat diverses vegades amb grans tiratges i es convertí en un referent per a diverses generacions. L’escriptor Joan Fuster digué d’aquest obra: &#8220;La maniobra més eficaç mai feta pels Països Catalans&#8221;.</p>

<p><strong>Mapa comarcal dels Països Catalans</strong></p>
<p>Reedició del mapa de Joan Ballester</p>
<p>Mida: 50 x 70cm</p>
