{"id":14144,"date":"2020-03-02T13:12:30","date_gmt":"2020-03-02T12:12:30","guid":{"rendered":"https:\/\/www.vilaweb.cat\/botiga\/?post_type=product&#038;p=14144"},"modified":"2026-01-05T12:47:41","modified_gmt":"2026-01-05T11:47:41","slug":"estora-el-millor-moment-del-dia","status":"publish","type":"product","link":"https:\/\/www.vilaweb.cat\/botiga\/producte\/estora-el-millor-moment-del-dia\/","title":{"rendered":"Estora &#8216;El millor moment del dia&#8217;"},"content":{"rendered":"","protected":false},"excerpt":{"rendered":"<p>Estora de fibra de coco amb l\u00e0mina protectora de l\u00e0tex &#8216;El millor moment del dia \u00e9s ara&#8217;.<\/p>\n<p>Mida: 60 x 40cm<\/p>\n<p>&nbsp;<\/p>\n<p>Producte de Faves Comptades<\/p>\n","protected":false},"featured_media":14355,"template":"","meta":[],"product_cat":[299,79],"product_tag":[],"_links":{"self":[{"href":"https:\/\/www.vilaweb.cat\/botiga\/wp-json\/wp\/v2\/product\/14144"}],"collection":[{"href":"https:\/\/www.vilaweb.cat\/botiga\/wp-json\/wp\/v2\/product"}],"about":[{"href":"https:\/\/www.vilaweb.cat\/botiga\/wp-json\/wp\/v2\/types\/product"}],"wp:featuredmedia":[{"embeddable":true,"href":"https:\/\/www.vilaweb.cat\/botiga\/wp-json\/wp\/v2\/media\/14355"}],"wp:attachment":[{"href":"https:\/\/www.vilaweb.cat\/botiga\/wp-json\/wp\/v2\/media?parent=14144"}],"wp:term":[{"taxonomy":"product_cat","embeddable":true,"href":"https:\/\/www.vilaweb.cat\/botiga\/wp-json\/wp\/v2\/product_cat?post=14144"},{"taxonomy":"product_tag","embeddable":true,"href":"https:\/\/www.vilaweb.cat\/botiga\/wp-json\/wp\/v2\/product_tag?post=14144"}],"curies":[{"name":"wp","href":"https:\/\/api.w.org\/{rel}","templated":true}]}}