{"id":12459,"date":"2022-11-24T17:24:20","date_gmt":"2022-11-24T16:24:20","guid":{"rendered":"https:\/\/www.vilaweb.cat\/botiga\/?post_type=product&#038;p=12459"},"modified":"2024-12-20T12:03:21","modified_gmt":"2024-12-20T11:03:21","slug":"regal-subscripcio-anual-a-vilaweb-collaborador","status":"publish","type":"product","link":"https:\/\/www.vilaweb.cat\/botiga\/producte\/regal-subscripcio-anual-a-vilaweb-collaborador\/","title":{"rendered":"Regal Subscripci\u00f3 anual a VilaWeb &#8211; Col\u00b7laborador"},"content":{"rendered":"<p><span style=\"font-weight: 400;\">Si decidiu de fer-vos subscriptors, o regalar la subscripci\u00f3, us enviarem<\/span><span style=\"font-weight: 400;\"> a casa una capsa amb un regal: un codi alfanum\u00e8ric per a\u00a0 donar-vos d\u2019alta, un bol\u00edgraf exclusiu de VilaWeb i una carta de benvinguda del director del diari. Tamb\u00e9 podeu venir a cercar la capsa de regal a la Botiga de VilaWeb, situada a la redacci\u00f3 del diari, al carrer de Ferlandina, 43 de Barcelona.<\/span><\/p>\n","protected":false},"excerpt":{"rendered":"<p><span style=\"font-weight: 400;\">Fa m\u00e9s de 25 anys que a VilaWeb treballem per <\/span><b>fer un periodisme lliure, \u00edntegre i rigor\u00f3s. <\/b><span style=\"font-weight: 400;\">\u00a0Ho podem fer gr\u00e0cies als milers de subscriptors que ens donen suport amb les quotes, amb les aportacions espor\u00e0diques i, tamb\u00e9, amb les compres a la Botiga.<\/span><\/p>\n<p><span style=\"font-weight: 400;\">Volem <\/span><b>continuar fent un periodisme independent arreu del pa\u00eds<\/b><span style=\"font-weight: 400;\">. Per aix\u00f2 us necessitem, per continuar impulsant la nostra feina. <\/span><b>Regalar una subscripci\u00f3 a VilaWeb<\/b><span style=\"font-weight: 400;\"> \u00e9s fer possible el nostre projecte, \u00e9s fer-nos lliures!<\/span><\/p>\n","protected":false},"featured_media":34336,"template":"","meta":[],"product_cat":[374,212,320],"product_tag":[],"_links":{"self":[{"href":"https:\/\/www.vilaweb.cat\/botiga\/wp-json\/wp\/v2\/product\/12459"}],"collection":[{"href":"https:\/\/www.vilaweb.cat\/botiga\/wp-json\/wp\/v2\/product"}],"about":[{"href":"https:\/\/www.vilaweb.cat\/botiga\/wp-json\/wp\/v2\/types\/product"}],"wp:featuredmedia":[{"embeddable":true,"href":"https:\/\/www.vilaweb.cat\/botiga\/wp-json\/wp\/v2\/media\/34336"}],"wp:attachment":[{"href":"https:\/\/www.vilaweb.cat\/botiga\/wp-json\/wp\/v2\/media?parent=12459"}],"wp:term":[{"taxonomy":"product_cat","embeddable":true,"href":"https:\/\/www.vilaweb.cat\/botiga\/wp-json\/wp\/v2\/product_cat?post=12459"},{"taxonomy":"product_tag","embeddable":true,"href":"https:\/\/www.vilaweb.cat\/botiga\/wp-json\/wp\/v2\/product_tag?post=12459"}],"curies":[{"name":"wp","href":"https:\/\/api.w.org\/{rel}","templated":true}]}}