{"id":11773,"date":"2019-12-03T18:32:37","date_gmt":"2019-12-03T17:32:37","guid":{"rendered":"https:\/\/www.vilaweb.cat\/botiga\/?post_type=product&#038;p=11773"},"modified":"2026-04-12T13:42:01","modified_gmt":"2026-04-12T11:42:01","slug":"caixa-de-musica-la-lluna-la-pruma","status":"publish","type":"product","link":"https:\/\/www.vilaweb.cat\/botiga\/producte\/caixa-de-musica-la-lluna-la-pruma\/","title":{"rendered":"Capsa de m\u00fasica &#8211; La lluna la pruna"},"content":{"rendered":"","protected":false},"excerpt":{"rendered":"<p>Caixa de m\u00fasica de la popular can\u00e7\u00f3 <em>La lluna la pruna.<\/em><\/p>\n","protected":false},"featured_media":17317,"template":"","meta":[],"product_cat":[308,102],"product_tag":[],"_links":{"self":[{"href":"https:\/\/www.vilaweb.cat\/botiga\/wp-json\/wp\/v2\/product\/11773"}],"collection":[{"href":"https:\/\/www.vilaweb.cat\/botiga\/wp-json\/wp\/v2\/product"}],"about":[{"href":"https:\/\/www.vilaweb.cat\/botiga\/wp-json\/wp\/v2\/types\/product"}],"wp:featuredmedia":[{"embeddable":true,"href":"https:\/\/www.vilaweb.cat\/botiga\/wp-json\/wp\/v2\/media\/17317"}],"wp:attachment":[{"href":"https:\/\/www.vilaweb.cat\/botiga\/wp-json\/wp\/v2\/media?parent=11773"}],"wp:term":[{"taxonomy":"product_cat","embeddable":true,"href":"https:\/\/www.vilaweb.cat\/botiga\/wp-json\/wp\/v2\/product_cat?post=11773"},{"taxonomy":"product_tag","embeddable":true,"href":"https:\/\/www.vilaweb.cat\/botiga\/wp-json\/wp\/v2\/product_tag?post=11773"}],"curies":[{"name":"wp","href":"https:\/\/api.w.org\/{rel}","templated":true}]}}